{"id":925,"date":"2013-10-17T09:04:11","date_gmt":"2013-10-17T09:04:11","guid":{"rendered":"http:\/\/www.consigel.com\/product\/lasagna-de-verduras\/"},"modified":"2024-10-10T14:37:08","modified_gmt":"2024-10-10T14:37:08","slug":"lasagna-de-verduras","status":"publish","type":"product","link":"https:\/\/www.consigel.com\/ca\/producte\/lasagna-de-verduras\/","title":{"rendered":"Lasanya de verdures"},"content":{"rendered":"<p>Plat que et transportar\u00e0 a It\u00e0lia. Saboroses l\u00e0mines de pasta intercalades amb verdures acuradament seleccionades com el carbass\u00f3, la ceba i el pebrot, entre d\u2019altres, acompanyades d\u2019una deliciosa salsa beixamel. Podr\u00e0s preparar aquesta saborosa recepta en pocs minuts, amb tot el sabor d\u2019una lasanya acabada d\u2019elaborar.<\/p>\n<p>Format en raci\u00f3 individual 300 g Cod. 16022 y\u00a0 tamb\u00e9 en safata de 2 kg Cod. 16029.<\/p>\n<p><strong>Cod. 16022:<\/strong>\u00a0MICROONES: No cal descongelar pr\u00e8viament, perforar la part superior de l\u2019env\u00e0s per diferents punts i escalfar directament al microones durant 8 o 9 minuts a 800W.FORN: Treure la safata de pl\u00e0stic i dipositar en un recipient apte per a forn, col\u00b7locar a mitja al\u00e7ada i enfornar a 200 \u00b0 C, durant uns 20 min. Es pot acabar amb la funci\u00f3 de gratinat.\u00a0<strong>Cod. 16029:\u00a0<\/strong>Descongelat pr\u00e8viament: FORN: Col\u00b7locar amb la mateixa safata d\u2019alumini a mitja al\u00e7ada a 180\u00b0C, durant uns 20 min. fins que arribi als 74\u00baC al centre del producte. Es pot acabar amb la funci\u00f3 de gratinat.<\/p>\n","protected":false},"excerpt":{"rendered":"<p>Plat que et transportar\u00e0 a It\u00e0lia. Saboroses l\u00e0mines de pasta intercalades amb verdures acuradament seleccionades com el carbass\u00f3, la ceba i el pebrot, entre d\u2019altres, acompanyades d\u2019una deliciosa salsa beixamel. Podr\u00e0s preparar aquesta saborosa recepta en pocs minuts, amb tot el sabor d\u2019una lasanya acabada d\u2019elaborar. Format en raci\u00f3 individual 300 g Cod. 16022 y\u00a0 [&#8230;]\n","protected":false},"featured_media":4929,"comment_status":"open","ping_status":"closed","template":"","meta":[],"product_cat":[300,18,61],"product_tag":[],"class_list":{"0":"post-925","1":"product","2":"type-product","3":"status-publish","4":"has-post-thumbnail","6":"product_cat-pastes-rissotos-gyozas-canalons","7":"product_cat-gastronomia","8":"product_cat-primers","10":"first","11":"outofstock","12":"shipping-taxable","13":"product-type-simple"},"yoast_head":"<!-- This site is optimized with the Yoast SEO plugin v23.3 - https:\/\/yoast.com\/wordpress\/plugins\/seo\/ -->\n<title>Lasanya de verdures - Consigel<\/title>\n<meta name=\"robots\" content=\"index, follow, max-snippet:-1, max-image-preview:large, max-video-preview:-1\" \/>\n<link rel=\"canonical\" href=\"https:\/\/www.consigel.com\/ca\/producte\/lasagna-de-verduras\/\" \/>\n<meta property=\"og:locale\" content=\"ca_ES\" \/>\n<meta property=\"og:type\" content=\"article\" \/>\n<meta property=\"og:title\" content=\"Lasanya de verdures - Consigel\" \/>\n<meta property=\"og:description\" content=\"Plat que et transportar\u00e0 a It\u00e0lia. Saboroses l\u00e0mines de pasta intercalades amb verdures acuradament seleccionades com el carbass\u00f3, la ceba i el pebrot, entre d\u2019altres, acompanyades d\u2019una deliciosa salsa beixamel. Podr\u00e0s preparar aquesta saborosa recepta en pocs minuts, amb tot el sabor d\u2019una lasanya acabada d\u2019elaborar. Format en raci\u00f3 individual 300 g Cod. 16022 y\u00a0 [...]\" \/>\n<meta property=\"og:url\" content=\"https:\/\/www.consigel.com\/ca\/producte\/lasagna-de-verduras\/\" \/>\n<meta property=\"og:site_name\" content=\"Consigel\" \/>\n<meta property=\"article:modified_time\" content=\"2024-10-10T14:37:08+00:00\" \/>\n<meta property=\"og:image\" content=\"https:\/\/www.consigel.com\/wp-content\/uploads\/2013\/10\/IMG_lasagna-verdures-scaled-360x270-removebg-preview.png\" \/>\n\t<meta property=\"og:image:width\" content=\"360\" \/>\n\t<meta property=\"og:image:height\" content=\"270\" \/>\n\t<meta property=\"og:image:type\" content=\"image\/png\" \/>\n<meta name=\"twitter:card\" content=\"summary_large_image\" \/>\n<meta name=\"twitter:label1\" content=\"Temps estimat de lectura\" \/>\n\t<meta name=\"twitter:data1\" content=\"1 minut\" \/>\n<script type=\"application\/ld+json\" class=\"yoast-schema-graph\">{\"@context\":\"https:\/\/schema.org\",\"@graph\":[{\"@type\":\"WebPage\",\"@id\":\"https:\/\/www.consigel.com\/ca\/producte\/lasagna-de-verduras\/\",\"url\":\"https:\/\/www.consigel.com\/ca\/producte\/lasagna-de-verduras\/\",\"name\":\"Lasanya de verdures - Consigel\",\"isPartOf\":{\"@id\":\"https:\/\/www.consigel.com\/ca\/#website\"},\"primaryImageOfPage\":{\"@id\":\"https:\/\/www.consigel.com\/ca\/producte\/lasagna-de-verduras\/#primaryimage\"},\"image\":{\"@id\":\"https:\/\/www.consigel.com\/ca\/producte\/lasagna-de-verduras\/#primaryimage\"},\"thumbnailUrl\":\"https:\/\/www.consigel.com\/wp-content\/uploads\/2013\/10\/IMG_lasagna-verdures-scaled-360x270-removebg-preview.png\",\"datePublished\":\"2013-10-17T09:04:11+00:00\",\"dateModified\":\"2024-10-10T14:37:08+00:00\",\"breadcrumb\":{\"@id\":\"https:\/\/www.consigel.com\/ca\/producte\/lasagna-de-verduras\/#breadcrumb\"},\"inLanguage\":\"ca\",\"potentialAction\":[{\"@type\":\"ReadAction\",\"target\":[\"https:\/\/www.consigel.com\/ca\/producte\/lasagna-de-verduras\/\"]}]},{\"@type\":\"ImageObject\",\"inLanguage\":\"ca\",\"@id\":\"https:\/\/www.consigel.com\/ca\/producte\/lasagna-de-verduras\/#primaryimage\",\"url\":\"https:\/\/www.consigel.com\/wp-content\/uploads\/2013\/10\/IMG_lasagna-verdures-scaled-360x270-removebg-preview.png\",\"contentUrl\":\"https:\/\/www.consigel.com\/wp-content\/uploads\/2013\/10\/IMG_lasagna-verdures-scaled-360x270-removebg-preview.png\",\"width\":360,\"height\":270},{\"@type\":\"BreadcrumbList\",\"@id\":\"https:\/\/www.consigel.com\/ca\/producte\/lasagna-de-verduras\/#breadcrumb\",\"itemListElement\":[{\"@type\":\"ListItem\",\"position\":1,\"name\":\"Portada\",\"item\":\"https:\/\/www.consigel.com\/ca\/\"},{\"@type\":\"ListItem\",\"position\":2,\"name\":\"Shop\",\"item\":\"https:\/\/www.consigel.com\/ca\/shop\/\"},{\"@type\":\"ListItem\",\"position\":3,\"name\":\"Lasanya de verdures\"}]},{\"@type\":\"WebSite\",\"@id\":\"https:\/\/www.consigel.com\/ca\/#website\",\"url\":\"https:\/\/www.consigel.com\/ca\/\",\"name\":\"Consigel\",\"description\":\"\",\"potentialAction\":[{\"@type\":\"SearchAction\",\"target\":{\"@type\":\"EntryPoint\",\"urlTemplate\":\"https:\/\/www.consigel.com\/ca\/?s={search_term_string}\"},\"query-input\":\"required name=search_term_string\"}],\"inLanguage\":\"ca\"}]}<\/script>\n<!-- \/ Yoast SEO plugin. -->","yoast_head_json":{"title":"Lasanya de verdures - Consigel","robots":{"index":"index","follow":"follow","max-snippet":"max-snippet:-1","max-image-preview":"max-image-preview:large","max-video-preview":"max-video-preview:-1"},"canonical":"https:\/\/www.consigel.com\/ca\/producte\/lasagna-de-verduras\/","og_locale":"ca_ES","og_type":"article","og_title":"Lasanya de verdures - Consigel","og_description":"Plat que et transportar\u00e0 a It\u00e0lia. Saboroses l\u00e0mines de pasta intercalades amb verdures acuradament seleccionades com el carbass\u00f3, la ceba i el pebrot, entre d\u2019altres, acompanyades d\u2019una deliciosa salsa beixamel. Podr\u00e0s preparar aquesta saborosa recepta en pocs minuts, amb tot el sabor d\u2019una lasanya acabada d\u2019elaborar. Format en raci\u00f3 individual 300 g Cod. 16022 y\u00a0 [...]","og_url":"https:\/\/www.consigel.com\/ca\/producte\/lasagna-de-verduras\/","og_site_name":"Consigel","article_modified_time":"2024-10-10T14:37:08+00:00","og_image":[{"width":360,"height":270,"url":"https:\/\/www.consigel.com\/wp-content\/uploads\/2013\/10\/IMG_lasagna-verdures-scaled-360x270-removebg-preview.png","type":"image\/png"}],"twitter_card":"summary_large_image","twitter_misc":{"Temps estimat de lectura":"1 minut"},"schema":{"@context":"https:\/\/schema.org","@graph":[{"@type":"WebPage","@id":"https:\/\/www.consigel.com\/ca\/producte\/lasagna-de-verduras\/","url":"https:\/\/www.consigel.com\/ca\/producte\/lasagna-de-verduras\/","name":"Lasanya de verdures - Consigel","isPartOf":{"@id":"https:\/\/www.consigel.com\/ca\/#website"},"primaryImageOfPage":{"@id":"https:\/\/www.consigel.com\/ca\/producte\/lasagna-de-verduras\/#primaryimage"},"image":{"@id":"https:\/\/www.consigel.com\/ca\/producte\/lasagna-de-verduras\/#primaryimage"},"thumbnailUrl":"https:\/\/www.consigel.com\/wp-content\/uploads\/2013\/10\/IMG_lasagna-verdures-scaled-360x270-removebg-preview.png","datePublished":"2013-10-17T09:04:11+00:00","dateModified":"2024-10-10T14:37:08+00:00","breadcrumb":{"@id":"https:\/\/www.consigel.com\/ca\/producte\/lasagna-de-verduras\/#breadcrumb"},"inLanguage":"ca","potentialAction":[{"@type":"ReadAction","target":["https:\/\/www.consigel.com\/ca\/producte\/lasagna-de-verduras\/"]}]},{"@type":"ImageObject","inLanguage":"ca","@id":"https:\/\/www.consigel.com\/ca\/producte\/lasagna-de-verduras\/#primaryimage","url":"https:\/\/www.consigel.com\/wp-content\/uploads\/2013\/10\/IMG_lasagna-verdures-scaled-360x270-removebg-preview.png","contentUrl":"https:\/\/www.consigel.com\/wp-content\/uploads\/2013\/10\/IMG_lasagna-verdures-scaled-360x270-removebg-preview.png","width":360,"height":270},{"@type":"BreadcrumbList","@id":"https:\/\/www.consigel.com\/ca\/producte\/lasagna-de-verduras\/#breadcrumb","itemListElement":[{"@type":"ListItem","position":1,"name":"Portada","item":"https:\/\/www.consigel.com\/ca\/"},{"@type":"ListItem","position":2,"name":"Shop","item":"https:\/\/www.consigel.com\/ca\/shop\/"},{"@type":"ListItem","position":3,"name":"Lasanya de verdures"}]},{"@type":"WebSite","@id":"https:\/\/www.consigel.com\/ca\/#website","url":"https:\/\/www.consigel.com\/ca\/","name":"Consigel","description":"","potentialAction":[{"@type":"SearchAction","target":{"@type":"EntryPoint","urlTemplate":"https:\/\/www.consigel.com\/ca\/?s={search_term_string}"},"query-input":"required name=search_term_string"}],"inLanguage":"ca"}]}},"_links":{"self":[{"href":"https:\/\/www.consigel.com\/ca\/wp-json\/wp\/v2\/product\/925","targetHints":{"allow":["GET"]}}],"collection":[{"href":"https:\/\/www.consigel.com\/ca\/wp-json\/wp\/v2\/product"}],"about":[{"href":"https:\/\/www.consigel.com\/ca\/wp-json\/wp\/v2\/types\/product"}],"replies":[{"embeddable":true,"href":"https:\/\/www.consigel.com\/ca\/wp-json\/wp\/v2\/comments?post=925"}],"wp:featuredmedia":[{"embeddable":true,"href":"https:\/\/www.consigel.com\/ca\/wp-json\/wp\/v2\/media\/4929"}],"wp:attachment":[{"href":"https:\/\/www.consigel.com\/ca\/wp-json\/wp\/v2\/media?parent=925"}],"wp:term":[{"taxonomy":"product_cat","embeddable":true,"href":"https:\/\/www.consigel.com\/ca\/wp-json\/wp\/v2\/product_cat?post=925"},{"taxonomy":"product_tag","embeddable":true,"href":"https:\/\/www.consigel.com\/ca\/wp-json\/wp\/v2\/product_tag?post=925"}],"curies":[{"name":"wp","href":"https:\/\/api.w.org\/{rel}","templated":true}]}}

<p>Plat que et transportarà a Itàlia. Saboroses làmines de pasta intercalades amb verdures acuradament seleccionades com el carbassó, la ceba i el pebrot, entre d’altres, acompanyades d’una deliciosa salsa beixamel. Podràs preparar aquesta saborosa recepta en pocs minuts, amb tot el sabor d’una lasanya acabada d’elaborar.</p>
<p>Format en ració individual 300 g Cod. 16022 y  també en safata de 2 kg Cod. 16029.</p>
<p><strong>Cod. 16022:</strong> MICROONES: No cal descongelar prèviament, perforar la part superior de l’envàs per diferents punts i escalfar directament al microones durant 8 o 9 minuts a 800W.FORN: Treure la safata de plàstic i dipositar en un recipient apte per a forn, col·locar a mitja alçada i enfornar a 200 ° C, durant uns 20 min. Es pot acabar amb la funció de gratinat. <strong>Cod. 16029: </strong>Descongelat prèviament: FORN: Col·locar amb la mateixa safata d’alumini a mitja alçada a 180°C, durant uns 20 min. fins que arribi als 74ºC al centre del producte. Es pot acabar amb la funció de gratinat.</p>

<p>Plat que et transportarà a Itàlia. Saboroses làmines de pasta intercalades amb verdures acuradament seleccionades com el carbassó, la ceba i el pebrot, entre d’altres, acompanyades d’una deliciosa salsa beixamel. Podràs preparar aquesta saborosa recepta en pocs minuts, amb tot el sabor d’una lasanya acabada d’elaborar. Format en ració individual 300 g Cod. 16022 y  [&#8230;]

<!-- This site is optimized with the Yoast SEO plugin v23.3 - https://yoast.com/wordpress/plugins/seo/ -->
<title>Lasanya de verdures - Consigel</title>
<meta name="robots" content="index, follow, max-snippet:-1, max-image-preview:large, max-video-preview:-1" />
<link rel="canonical" href="https://www.consigel.com/ca/producte/lasagna-de-verduras/" />
<meta property="og:locale" content="ca_ES" />
<meta property="og:type" content="article" />
<meta property="og:title" content="Lasanya de verdures - Consigel" />
<meta property="og:description" content="Plat que et transportarà a Itàlia. Saboroses làmines de pasta intercalades amb verdures acuradament seleccionades com el carbassó, la ceba i el pebrot, entre d’altres, acompanyades d’una deliciosa salsa beixamel. Podràs preparar aquesta saborosa recepta en pocs minuts, amb tot el sabor d’una lasanya acabada d’elaborar. Format en ració individual 300 g Cod. 16022 y  [...]" />
<meta property="og:url" content="https://www.consigel.com/ca/producte/lasagna-de-verduras/" />
<meta property="og:site_name" content="Consigel" />
<meta property="article:modified_time" content="2024-10-10T14:37:08+00:00" />
<meta property="og:image" content="https://www.consigel.com/wp-content/uploads/2013/10/IMG_lasagna-verdures-scaled-360x270-removebg-preview.png" />
	<meta property="og:image:width" content="360" />
	<meta property="og:image:height" content="270" />
	<meta property="og:image:type" content="image/png" />
<meta name="twitter:card" content="summary_large_image" />
<meta name="twitter:label1" content="Temps estimat de lectura" />
	<meta name="twitter:data1" content="1 minut" />
<script type="application/ld+json" class="yoast-schema-graph">{"@context":"https://schema.org","@graph":[{"@type":"WebPage","@id":"https://www.consigel.com/ca/producte/lasagna-de-verduras/","url":"https://www.consigel.com/ca/producte/lasagna-de-verduras/","name":"Lasanya de verdures - Consigel","isPartOf":{"@id":"https://www.consigel.com/ca/#website"},"primaryImageOfPage":{"@id":"https://www.consigel.com/ca/producte/lasagna-de-verduras/#primaryimage"},"image":{"@id":"https://www.consigel.com/ca/producte/lasagna-de-verduras/#primaryimage"},"thumbnailUrl":"https://www.consigel.com/wp-content/uploads/2013/10/IMG_lasagna-verdures-scaled-360x270-removebg-preview.png","datePublished":"2013-10-17T09:04:11+00:00","dateModified":"2024-10-10T14:37:08+00:00","breadcrumb":{"@id":"https://www.consigel.com/ca/producte/lasagna-de-verduras/#breadcrumb"},"inLanguage":"ca","potentialAction":[{"@type":"ReadAction","target":["https://www.consigel.com/ca/producte/lasagna-de-verduras/"]}]},{"@type":"ImageObject","inLanguage":"ca","@id":"https://www.consigel.com/ca/producte/lasagna-de-verduras/#primaryimage","url":"https://www.consigel.com/wp-content/uploads/2013/10/IMG_lasagna-verdures-scaled-360x270-removebg-preview.png","contentUrl":"https://www.consigel.com/wp-content/uploads/2013/10/IMG_lasagna-verdures-scaled-360x270-removebg-preview.png","width":360,"height":270},{"@type":"BreadcrumbList","@id":"https://www.consigel.com/ca/producte/lasagna-de-verduras/#breadcrumb","itemListElement":[{"@type":"ListItem","position":1,"name":"Portada","item":"https://www.consigel.com/ca/"},{"@type":"ListItem","position":2,"name":"Shop","item":"https://www.consigel.com/ca/shop/"},{"@type":"ListItem","position":3,"name":"Lasanya de verdures"}]},{"@type":"WebSite","@id":"https://www.consigel.com/ca/#website","url":"https://www.consigel.com/ca/","name":"Consigel","description":"","potentialAction":[{"@type":"SearchAction","target":{"@type":"EntryPoint","urlTemplate":"https://www.consigel.com/ca/?s={search_term_string}"},"query-input":"required name=search_term_string"}],"inLanguage":"ca"}]}</script>
<!-- / Yoast SEO plugin. -->

Plat que et transportarà a Itàlia. Saboroses làmines de pasta intercalades amb verdures acuradament seleccionades com el carbassó, la ceba i el pebrot, entre d’altres, acompanyades d’una deliciosa salsa beixamel. Podràs preparar aquesta saborosa recepta en pocs minuts, amb tot el sabor d’una lasanya acabada d’elaborar. Format en ració individual 300 g Cod. 16022 y  [...]
