{"id":5141,"date":"2024-10-30T15:30:33","date_gmt":"2024-10-30T15:30:33","guid":{"rendered":"https:\/\/www.consigel.com\/?post_type=product&#038;p=5141"},"modified":"2024-10-30T15:30:36","modified_gmt":"2024-10-30T15:30:36","slug":"galta-de-vedella-el-vi-negre","status":"publish","type":"product","link":"https:\/\/www.consigel.com\/ca\/producte\/galta-de-vedella-el-vi-negre\/","title":{"rendered":"Galta de vedella el vi negre"},"content":{"rendered":"<p><strong>Carn de vedella tendra i sucosa confitada a baixa temperatura en una saborosa salsa de vi negre que evoca els sabors mediterranis.<\/strong><\/p>\n<p><strong>Preparaci\u00f3 sense descongelar:<\/strong><\/p>\n<ul>\n<li><strong>MICROONES:<\/strong> perforar la bossa i escalfar a m\u00e0xima pot\u00e8ncia (750 W) durant uns 6 minuts.<\/li>\n<li><strong>BANY MARIA:<\/strong> submergir en aigua calenta de 15 a 20 minuts.<\/li>\n<li><strong>CA\u00c7\u00d3:<\/strong> buidar el contingut en el ca\u00e7\u00f3, tapar i escalfar a foc lent. Sempre sacsejar la bossa per homogene\u00eftzar la salsa interior.<\/li>\n<\/ul>\n<p>Format 8 unitats 300 gr. aprox.<\/p>\n","protected":false},"excerpt":{"rendered":"<p>Carn de vedella tendra i sucosa confitada a baixa temperatura en una saborosa salsa de vi negre que evoca els sabors mediterranis. Preparaci\u00f3 sense descongelar: MICROONES: perforar la bossa i escalfar a m\u00e0xima pot\u00e8ncia (750 W) durant uns 6 minuts. BANY MARIA: submergir en aigua calenta de 15 a 20 minuts. CA\u00c7\u00d3: buidar el contingut [&#8230;]\n","protected":false},"featured_media":5142,"comment_status":"open","ping_status":"closed","template":"","meta":[],"product_cat":[306,311,18,64],"product_tag":[],"class_list":{"0":"post-5141","1":"product","2":"type-product","3":"status-publish","4":"has-post-thumbnail","6":"product_cat-carn-ca","7":"product_cat-productes-sense-gluten","8":"product_cat-gastronomia","9":"product_cat-segons","11":"first","12":"instock","13":"shipping-taxable","14":"product-type-simple"},"yoast_head":"<!-- This site is optimized with the Yoast SEO plugin v23.3 - https:\/\/yoast.com\/wordpress\/plugins\/seo\/ -->\n<title>Galta de vedella el vi negre - Consigel<\/title>\n<meta name=\"robots\" content=\"index, follow, max-snippet:-1, max-image-preview:large, max-video-preview:-1\" \/>\n<link rel=\"canonical\" href=\"https:\/\/www.consigel.com\/ca\/producte\/galta-de-vedella-el-vi-negre\/\" \/>\n<meta property=\"og:locale\" content=\"ca_ES\" \/>\n<meta property=\"og:type\" content=\"article\" \/>\n<meta property=\"og:title\" content=\"Galta de vedella el vi negre - Consigel\" \/>\n<meta property=\"og:description\" content=\"Carn de vedella tendra i sucosa confitada a baixa temperatura en una saborosa salsa de vi negre que evoca els sabors mediterranis. Preparaci\u00f3 sense descongelar: MICROONES: perforar la bossa i escalfar a m\u00e0xima pot\u00e8ncia (750 W) durant uns 6 minuts. BANY MARIA: submergir en aigua calenta de 15 a 20 minuts. CA\u00c7\u00d3: buidar el contingut [...]\" \/>\n<meta property=\"og:url\" content=\"https:\/\/www.consigel.com\/ca\/producte\/galta-de-vedella-el-vi-negre\/\" \/>\n<meta property=\"og:site_name\" content=\"Consigel\" \/>\n<meta property=\"article:modified_time\" content=\"2024-10-30T15:30:36+00:00\" \/>\n<meta property=\"og:image\" content=\"https:\/\/www.consigel.com\/wp-content\/uploads\/2024\/10\/EXQUISITARIUM_2719_Carrillera_Ternera_Vino1-1-removebg-preview.png\" \/>\n\t<meta property=\"og:image:width\" content=\"611\" \/>\n\t<meta property=\"og:image:height\" content=\"408\" \/>\n\t<meta property=\"og:image:type\" content=\"image\/png\" \/>\n<meta name=\"twitter:card\" content=\"summary_large_image\" \/>\n<meta name=\"twitter:label1\" content=\"Temps estimat de lectura\" \/>\n\t<meta name=\"twitter:data1\" content=\"1 minut\" \/>\n<script type=\"application\/ld+json\" class=\"yoast-schema-graph\">{\"@context\":\"https:\/\/schema.org\",\"@graph\":[{\"@type\":\"WebPage\",\"@id\":\"https:\/\/www.consigel.com\/ca\/producte\/galta-de-vedella-el-vi-negre\/\",\"url\":\"https:\/\/www.consigel.com\/ca\/producte\/galta-de-vedella-el-vi-negre\/\",\"name\":\"Galta de vedella el vi negre - Consigel\",\"isPartOf\":{\"@id\":\"https:\/\/www.consigel.com\/ca\/#website\"},\"primaryImageOfPage\":{\"@id\":\"https:\/\/www.consigel.com\/ca\/producte\/galta-de-vedella-el-vi-negre\/#primaryimage\"},\"image\":{\"@id\":\"https:\/\/www.consigel.com\/ca\/producte\/galta-de-vedella-el-vi-negre\/#primaryimage\"},\"thumbnailUrl\":\"https:\/\/www.consigel.com\/wp-content\/uploads\/2024\/10\/EXQUISITARIUM_2719_Carrillera_Ternera_Vino1-1-removebg-preview.png\",\"datePublished\":\"2024-10-30T15:30:33+00:00\",\"dateModified\":\"2024-10-30T15:30:36+00:00\",\"breadcrumb\":{\"@id\":\"https:\/\/www.consigel.com\/ca\/producte\/galta-de-vedella-el-vi-negre\/#breadcrumb\"},\"inLanguage\":\"ca\",\"potentialAction\":[{\"@type\":\"ReadAction\",\"target\":[\"https:\/\/www.consigel.com\/ca\/producte\/galta-de-vedella-el-vi-negre\/\"]}]},{\"@type\":\"ImageObject\",\"inLanguage\":\"ca\",\"@id\":\"https:\/\/www.consigel.com\/ca\/producte\/galta-de-vedella-el-vi-negre\/#primaryimage\",\"url\":\"https:\/\/www.consigel.com\/wp-content\/uploads\/2024\/10\/EXQUISITARIUM_2719_Carrillera_Ternera_Vino1-1-removebg-preview.png\",\"contentUrl\":\"https:\/\/www.consigel.com\/wp-content\/uploads\/2024\/10\/EXQUISITARIUM_2719_Carrillera_Ternera_Vino1-1-removebg-preview.png\",\"width\":611,\"height\":408},{\"@type\":\"BreadcrumbList\",\"@id\":\"https:\/\/www.consigel.com\/ca\/producte\/galta-de-vedella-el-vi-negre\/#breadcrumb\",\"itemListElement\":[{\"@type\":\"ListItem\",\"position\":1,\"name\":\"Portada\",\"item\":\"https:\/\/www.consigel.com\/ca\/\"},{\"@type\":\"ListItem\",\"position\":2,\"name\":\"Shop\",\"item\":\"https:\/\/www.consigel.com\/ca\/shop\/\"},{\"@type\":\"ListItem\",\"position\":3,\"name\":\"Galta de vedella el vi negre\"}]},{\"@type\":\"WebSite\",\"@id\":\"https:\/\/www.consigel.com\/ca\/#website\",\"url\":\"https:\/\/www.consigel.com\/ca\/\",\"name\":\"Consigel\",\"description\":\"\",\"potentialAction\":[{\"@type\":\"SearchAction\",\"target\":{\"@type\":\"EntryPoint\",\"urlTemplate\":\"https:\/\/www.consigel.com\/ca\/?s={search_term_string}\"},\"query-input\":\"required name=search_term_string\"}],\"inLanguage\":\"ca\"}]}<\/script>\n<!-- \/ Yoast SEO plugin. -->","yoast_head_json":{"title":"Galta de vedella el vi negre - Consigel","robots":{"index":"index","follow":"follow","max-snippet":"max-snippet:-1","max-image-preview":"max-image-preview:large","max-video-preview":"max-video-preview:-1"},"canonical":"https:\/\/www.consigel.com\/ca\/producte\/galta-de-vedella-el-vi-negre\/","og_locale":"ca_ES","og_type":"article","og_title":"Galta de vedella el vi negre - Consigel","og_description":"Carn de vedella tendra i sucosa confitada a baixa temperatura en una saborosa salsa de vi negre que evoca els sabors mediterranis. Preparaci\u00f3 sense descongelar: MICROONES: perforar la bossa i escalfar a m\u00e0xima pot\u00e8ncia (750 W) durant uns 6 minuts. BANY MARIA: submergir en aigua calenta de 15 a 20 minuts. CA\u00c7\u00d3: buidar el contingut [...]","og_url":"https:\/\/www.consigel.com\/ca\/producte\/galta-de-vedella-el-vi-negre\/","og_site_name":"Consigel","article_modified_time":"2024-10-30T15:30:36+00:00","og_image":[{"width":611,"height":408,"url":"https:\/\/www.consigel.com\/wp-content\/uploads\/2024\/10\/EXQUISITARIUM_2719_Carrillera_Ternera_Vino1-1-removebg-preview.png","type":"image\/png"}],"twitter_card":"summary_large_image","twitter_misc":{"Temps estimat de lectura":"1 minut"},"schema":{"@context":"https:\/\/schema.org","@graph":[{"@type":"WebPage","@id":"https:\/\/www.consigel.com\/ca\/producte\/galta-de-vedella-el-vi-negre\/","url":"https:\/\/www.consigel.com\/ca\/producte\/galta-de-vedella-el-vi-negre\/","name":"Galta de vedella el vi negre - Consigel","isPartOf":{"@id":"https:\/\/www.consigel.com\/ca\/#website"},"primaryImageOfPage":{"@id":"https:\/\/www.consigel.com\/ca\/producte\/galta-de-vedella-el-vi-negre\/#primaryimage"},"image":{"@id":"https:\/\/www.consigel.com\/ca\/producte\/galta-de-vedella-el-vi-negre\/#primaryimage"},"thumbnailUrl":"https:\/\/www.consigel.com\/wp-content\/uploads\/2024\/10\/EXQUISITARIUM_2719_Carrillera_Ternera_Vino1-1-removebg-preview.png","datePublished":"2024-10-30T15:30:33+00:00","dateModified":"2024-10-30T15:30:36+00:00","breadcrumb":{"@id":"https:\/\/www.consigel.com\/ca\/producte\/galta-de-vedella-el-vi-negre\/#breadcrumb"},"inLanguage":"ca","potentialAction":[{"@type":"ReadAction","target":["https:\/\/www.consigel.com\/ca\/producte\/galta-de-vedella-el-vi-negre\/"]}]},{"@type":"ImageObject","inLanguage":"ca","@id":"https:\/\/www.consigel.com\/ca\/producte\/galta-de-vedella-el-vi-negre\/#primaryimage","url":"https:\/\/www.consigel.com\/wp-content\/uploads\/2024\/10\/EXQUISITARIUM_2719_Carrillera_Ternera_Vino1-1-removebg-preview.png","contentUrl":"https:\/\/www.consigel.com\/wp-content\/uploads\/2024\/10\/EXQUISITARIUM_2719_Carrillera_Ternera_Vino1-1-removebg-preview.png","width":611,"height":408},{"@type":"BreadcrumbList","@id":"https:\/\/www.consigel.com\/ca\/producte\/galta-de-vedella-el-vi-negre\/#breadcrumb","itemListElement":[{"@type":"ListItem","position":1,"name":"Portada","item":"https:\/\/www.consigel.com\/ca\/"},{"@type":"ListItem","position":2,"name":"Shop","item":"https:\/\/www.consigel.com\/ca\/shop\/"},{"@type":"ListItem","position":3,"name":"Galta de vedella el vi negre"}]},{"@type":"WebSite","@id":"https:\/\/www.consigel.com\/ca\/#website","url":"https:\/\/www.consigel.com\/ca\/","name":"Consigel","description":"","potentialAction":[{"@type":"SearchAction","target":{"@type":"EntryPoint","urlTemplate":"https:\/\/www.consigel.com\/ca\/?s={search_term_string}"},"query-input":"required name=search_term_string"}],"inLanguage":"ca"}]}},"_links":{"self":[{"href":"https:\/\/www.consigel.com\/ca\/wp-json\/wp\/v2\/product\/5141","targetHints":{"allow":["GET"]}}],"collection":[{"href":"https:\/\/www.consigel.com\/ca\/wp-json\/wp\/v2\/product"}],"about":[{"href":"https:\/\/www.consigel.com\/ca\/wp-json\/wp\/v2\/types\/product"}],"replies":[{"embeddable":true,"href":"https:\/\/www.consigel.com\/ca\/wp-json\/wp\/v2\/comments?post=5141"}],"wp:featuredmedia":[{"embeddable":true,"href":"https:\/\/www.consigel.com\/ca\/wp-json\/wp\/v2\/media\/5142"}],"wp:attachment":[{"href":"https:\/\/www.consigel.com\/ca\/wp-json\/wp\/v2\/media?parent=5141"}],"wp:term":[{"taxonomy":"product_cat","embeddable":true,"href":"https:\/\/www.consigel.com\/ca\/wp-json\/wp\/v2\/product_cat?post=5141"},{"taxonomy":"product_tag","embeddable":true,"href":"https:\/\/www.consigel.com\/ca\/wp-json\/wp\/v2\/product_tag?post=5141"}],"curies":[{"name":"wp","href":"https:\/\/api.w.org\/{rel}","templated":true}]}}

<p><strong>Carn de vedella tendra i sucosa confitada a baixa temperatura en una saborosa salsa de vi negre que evoca els sabors mediterranis.</strong></p>
<p><strong>Preparació sense descongelar:</strong></p>
<ul>
<li><strong>MICROONES:</strong> perforar la bossa i escalfar a màxima potència (750 W) durant uns 6 minuts.</li>
<li><strong>BANY MARIA:</strong> submergir en aigua calenta de 15 a 20 minuts.</li>
<li><strong>CAÇÓ:</strong> buidar el contingut en el caçó, tapar i escalfar a foc lent. Sempre sacsejar la bossa per homogeneïtzar la salsa interior.</li>
</ul>
<p>Format 8 unitats 300 gr. aprox.</p>

<p>Carn de vedella tendra i sucosa confitada a baixa temperatura en una saborosa salsa de vi negre que evoca els sabors mediterranis. Preparació sense descongelar: MICROONES: perforar la bossa i escalfar a màxima potència (750 W) durant uns 6 minuts. BANY MARIA: submergir en aigua calenta de 15 a 20 minuts. CAÇÓ: buidar el contingut [&#8230;]

<!-- This site is optimized with the Yoast SEO plugin v23.3 - https://yoast.com/wordpress/plugins/seo/ -->
<title>Galta de vedella el vi negre - Consigel</title>
<meta name="robots" content="index, follow, max-snippet:-1, max-image-preview:large, max-video-preview:-1" />
<link rel="canonical" href="https://www.consigel.com/ca/producte/galta-de-vedella-el-vi-negre/" />
<meta property="og:locale" content="ca_ES" />
<meta property="og:type" content="article" />
<meta property="og:title" content="Galta de vedella el vi negre - Consigel" />
<meta property="og:description" content="Carn de vedella tendra i sucosa confitada a baixa temperatura en una saborosa salsa de vi negre que evoca els sabors mediterranis. Preparació sense descongelar: MICROONES: perforar la bossa i escalfar a màxima potència (750 W) durant uns 6 minuts. BANY MARIA: submergir en aigua calenta de 15 a 20 minuts. CAÇÓ: buidar el contingut [...]" />
<meta property="og:url" content="https://www.consigel.com/ca/producte/galta-de-vedella-el-vi-negre/" />
<meta property="og:site_name" content="Consigel" />
<meta property="article:modified_time" content="2024-10-30T15:30:36+00:00" />
<meta property="og:image" content="https://www.consigel.com/wp-content/uploads/2024/10/EXQUISITARIUM_2719_Carrillera_Ternera_Vino1-1-removebg-preview.png" />
	<meta property="og:image:width" content="611" />
	<meta property="og:image:height" content="408" />
	<meta property="og:image:type" content="image/png" />
<meta name="twitter:card" content="summary_large_image" />
<meta name="twitter:label1" content="Temps estimat de lectura" />
	<meta name="twitter:data1" content="1 minut" />
<script type="application/ld+json" class="yoast-schema-graph">{"@context":"https://schema.org","@graph":[{"@type":"WebPage","@id":"https://www.consigel.com/ca/producte/galta-de-vedella-el-vi-negre/","url":"https://www.consigel.com/ca/producte/galta-de-vedella-el-vi-negre/","name":"Galta de vedella el vi negre - Consigel","isPartOf":{"@id":"https://www.consigel.com/ca/#website"},"primaryImageOfPage":{"@id":"https://www.consigel.com/ca/producte/galta-de-vedella-el-vi-negre/#primaryimage"},"image":{"@id":"https://www.consigel.com/ca/producte/galta-de-vedella-el-vi-negre/#primaryimage"},"thumbnailUrl":"https://www.consigel.com/wp-content/uploads/2024/10/EXQUISITARIUM_2719_Carrillera_Ternera_Vino1-1-removebg-preview.png","datePublished":"2024-10-30T15:30:33+00:00","dateModified":"2024-10-30T15:30:36+00:00","breadcrumb":{"@id":"https://www.consigel.com/ca/producte/galta-de-vedella-el-vi-negre/#breadcrumb"},"inLanguage":"ca","potentialAction":[{"@type":"ReadAction","target":["https://www.consigel.com/ca/producte/galta-de-vedella-el-vi-negre/"]}]},{"@type":"ImageObject","inLanguage":"ca","@id":"https://www.consigel.com/ca/producte/galta-de-vedella-el-vi-negre/#primaryimage","url":"https://www.consigel.com/wp-content/uploads/2024/10/EXQUISITARIUM_2719_Carrillera_Ternera_Vino1-1-removebg-preview.png","contentUrl":"https://www.consigel.com/wp-content/uploads/2024/10/EXQUISITARIUM_2719_Carrillera_Ternera_Vino1-1-removebg-preview.png","width":611,"height":408},{"@type":"BreadcrumbList","@id":"https://www.consigel.com/ca/producte/galta-de-vedella-el-vi-negre/#breadcrumb","itemListElement":[{"@type":"ListItem","position":1,"name":"Portada","item":"https://www.consigel.com/ca/"},{"@type":"ListItem","position":2,"name":"Shop","item":"https://www.consigel.com/ca/shop/"},{"@type":"ListItem","position":3,"name":"Galta de vedella el vi negre"}]},{"@type":"WebSite","@id":"https://www.consigel.com/ca/#website","url":"https://www.consigel.com/ca/","name":"Consigel","description":"","potentialAction":[{"@type":"SearchAction","target":{"@type":"EntryPoint","urlTemplate":"https://www.consigel.com/ca/?s={search_term_string}"},"query-input":"required name=search_term_string"}],"inLanguage":"ca"}]}</script>
<!-- / Yoast SEO plugin. -->

Carn de vedella tendra i sucosa confitada a baixa temperatura en una saborosa salsa de vi negre que evoca els sabors mediterranis. Preparació sense descongelar: MICROONES: perforar la bossa i escalfar a màxima potència (750 W) durant uns 6 minuts. BANY MARIA: submergir en aigua calenta de 15 a 20 minuts. CAÇÓ: buidar el contingut [...]
