{"id":4854,"date":"2024-10-09T09:31:42","date_gmt":"2024-10-09T09:31:42","guid":{"rendered":"https:\/\/www.consigel.com\/?post_type=product&#038;p=4854"},"modified":"2024-10-10T08:49:58","modified_gmt":"2024-10-10T08:49:58","slug":"croquetes-de-pernil-iberic-sense-gluten-la-cocina-de-senen","status":"publish","type":"product","link":"https:\/\/www.consigel.com\/ca\/producte\/croquetes-de-pernil-iberic-sense-gluten-la-cocina-de-senen\/","title":{"rendered":"Croquetes de pernil ib\u00e8ric sense gluten la cocina de senen"},"content":{"rendered":"<p>La croqueta de pernil ib\u00e8ric sense gluten \u00e9s un aut\u00e8ntic menjar que ressalta la qualitat i el sabor inconfusible del pernil ib\u00e8ric. La seva textura \u00e9s cremosa i suau per dins, amb un farcit gener\u00f3s de pernil finament picat, que aporta un delici\u00f3s toc salat i fumat. La capa exterior, cruixent i daurada, est\u00e0 feta amb pa sense gluten, oferint aquest contrast perfecte a cada mos. Ideal com a aperitiu o tapa, aquestes croquetes s\u00f3n perfectes per gaudir en qualsevol ocasi\u00f3, satisfent tant els cel\u00edacs com els amants de la bona cuina.<\/p>\n<p>Pes 30gr.<\/p>\n<p>Caixa amb 128 unitats.<\/p>\n","protected":false},"excerpt":{"rendered":"<p>La croqueta de pernil ib\u00e8ric sense gluten \u00e9s un aut\u00e8ntic menjar que ressalta la qualitat i el sabor inconfusible del pernil ib\u00e8ric. La seva textura \u00e9s cremosa i suau per dins, amb un farcit gener\u00f3s de pernil finament picat, que aporta un delici\u00f3s toc salat i fumat. La capa exterior, cruixent i daurada, est\u00e0 feta [&#8230;]\n","protected":false},"featured_media":4855,"comment_status":"open","ping_status":"closed","template":"","meta":[],"product_cat":[311,34,111,18,124],"product_tag":[],"class_list":{"0":"post-4854","1":"product","2":"type-product","3":"status-publish","4":"has-post-thumbnail","6":"product_cat-productes-sense-gluten","7":"product_cat-aperitius","8":"product_cat-fregidora","9":"product_cat-gastronomia","10":"product_cat-croquetes","12":"first","13":"instock","14":"shipping-taxable","15":"product-type-simple"},"yoast_head":"<!-- This site is optimized with the Yoast SEO plugin v23.3 - https:\/\/yoast.com\/wordpress\/plugins\/seo\/ -->\n<title>Croquetes de pernil ib\u00e8ric sense gluten la cocina de senen - Consigel<\/title>\n<meta name=\"robots\" content=\"index, follow, max-snippet:-1, max-image-preview:large, max-video-preview:-1\" \/>\n<link rel=\"canonical\" href=\"https:\/\/www.consigel.com\/ca\/producte\/croquetes-de-pernil-iberic-sense-gluten-la-cocina-de-senen\/\" \/>\n<meta property=\"og:locale\" content=\"ca_ES\" \/>\n<meta property=\"og:type\" content=\"article\" \/>\n<meta property=\"og:title\" content=\"Croquetes de pernil ib\u00e8ric sense gluten la cocina de senen - Consigel\" \/>\n<meta property=\"og:description\" content=\"La croqueta de pernil ib\u00e8ric sense gluten \u00e9s un aut\u00e8ntic menjar que ressalta la qualitat i el sabor inconfusible del pernil ib\u00e8ric. La seva textura \u00e9s cremosa i suau per dins, amb un farcit gener\u00f3s de pernil finament picat, que aporta un delici\u00f3s toc salat i fumat. La capa exterior, cruixent i daurada, est\u00e0 feta [...]\" \/>\n<meta property=\"og:url\" content=\"https:\/\/www.consigel.com\/ca\/producte\/croquetes-de-pernil-iberic-sense-gluten-la-cocina-de-senen\/\" \/>\n<meta property=\"og:site_name\" content=\"Consigel\" \/>\n<meta property=\"article:modified_time\" content=\"2024-10-10T08:49:58+00:00\" \/>\n<meta property=\"og:image\" content=\"https:\/\/www.consigel.com\/wp-content\/uploads\/2024\/10\/Croquetas_jamon-iberico-sin-glutan-senen-ok-scaled.jpg\" \/>\n\t<meta property=\"og:image:width\" content=\"2560\" \/>\n\t<meta property=\"og:image:height\" content=\"1421\" \/>\n\t<meta property=\"og:image:type\" content=\"image\/jpeg\" \/>\n<meta name=\"twitter:card\" content=\"summary_large_image\" \/>\n<meta name=\"twitter:label1\" content=\"Temps estimat de lectura\" \/>\n\t<meta name=\"twitter:data1\" content=\"1 minut\" \/>\n<script type=\"application\/ld+json\" class=\"yoast-schema-graph\">{\"@context\":\"https:\/\/schema.org\",\"@graph\":[{\"@type\":\"WebPage\",\"@id\":\"https:\/\/www.consigel.com\/ca\/producte\/croquetes-de-pernil-iberic-sense-gluten-la-cocina-de-senen\/\",\"url\":\"https:\/\/www.consigel.com\/ca\/producte\/croquetes-de-pernil-iberic-sense-gluten-la-cocina-de-senen\/\",\"name\":\"Croquetes de pernil ib\u00e8ric sense gluten la cocina de senen - Consigel\",\"isPartOf\":{\"@id\":\"https:\/\/www.consigel.com\/ca\/#website\"},\"primaryImageOfPage\":{\"@id\":\"https:\/\/www.consigel.com\/ca\/producte\/croquetes-de-pernil-iberic-sense-gluten-la-cocina-de-senen\/#primaryimage\"},\"image\":{\"@id\":\"https:\/\/www.consigel.com\/ca\/producte\/croquetes-de-pernil-iberic-sense-gluten-la-cocina-de-senen\/#primaryimage\"},\"thumbnailUrl\":\"https:\/\/www.consigel.com\/wp-content\/uploads\/2024\/10\/Croquetas_jamon-iberico-sin-glutan-senen-ok-scaled.jpg\",\"datePublished\":\"2024-10-09T09:31:42+00:00\",\"dateModified\":\"2024-10-10T08:49:58+00:00\",\"breadcrumb\":{\"@id\":\"https:\/\/www.consigel.com\/ca\/producte\/croquetes-de-pernil-iberic-sense-gluten-la-cocina-de-senen\/#breadcrumb\"},\"inLanguage\":\"ca\",\"potentialAction\":[{\"@type\":\"ReadAction\",\"target\":[\"https:\/\/www.consigel.com\/ca\/producte\/croquetes-de-pernil-iberic-sense-gluten-la-cocina-de-senen\/\"]}]},{\"@type\":\"ImageObject\",\"inLanguage\":\"ca\",\"@id\":\"https:\/\/www.consigel.com\/ca\/producte\/croquetes-de-pernil-iberic-sense-gluten-la-cocina-de-senen\/#primaryimage\",\"url\":\"https:\/\/www.consigel.com\/wp-content\/uploads\/2024\/10\/Croquetas_jamon-iberico-sin-glutan-senen-ok-scaled.jpg\",\"contentUrl\":\"https:\/\/www.consigel.com\/wp-content\/uploads\/2024\/10\/Croquetas_jamon-iberico-sin-glutan-senen-ok-scaled.jpg\",\"width\":2560,\"height\":1421},{\"@type\":\"BreadcrumbList\",\"@id\":\"https:\/\/www.consigel.com\/ca\/producte\/croquetes-de-pernil-iberic-sense-gluten-la-cocina-de-senen\/#breadcrumb\",\"itemListElement\":[{\"@type\":\"ListItem\",\"position\":1,\"name\":\"Portada\",\"item\":\"https:\/\/www.consigel.com\/ca\/\"},{\"@type\":\"ListItem\",\"position\":2,\"name\":\"Shop\",\"item\":\"https:\/\/www.consigel.com\/ca\/shop\/\"},{\"@type\":\"ListItem\",\"position\":3,\"name\":\"Croquetes de pernil ib\u00e8ric sense gluten la cocina de senen\"}]},{\"@type\":\"WebSite\",\"@id\":\"https:\/\/www.consigel.com\/ca\/#website\",\"url\":\"https:\/\/www.consigel.com\/ca\/\",\"name\":\"Consigel\",\"description\":\"\",\"potentialAction\":[{\"@type\":\"SearchAction\",\"target\":{\"@type\":\"EntryPoint\",\"urlTemplate\":\"https:\/\/www.consigel.com\/ca\/?s={search_term_string}\"},\"query-input\":\"required name=search_term_string\"}],\"inLanguage\":\"ca\"}]}<\/script>\n<!-- \/ Yoast SEO plugin. -->","yoast_head_json":{"title":"Croquetes de pernil ib\u00e8ric sense gluten la cocina de senen - Consigel","robots":{"index":"index","follow":"follow","max-snippet":"max-snippet:-1","max-image-preview":"max-image-preview:large","max-video-preview":"max-video-preview:-1"},"canonical":"https:\/\/www.consigel.com\/ca\/producte\/croquetes-de-pernil-iberic-sense-gluten-la-cocina-de-senen\/","og_locale":"ca_ES","og_type":"article","og_title":"Croquetes de pernil ib\u00e8ric sense gluten la cocina de senen - Consigel","og_description":"La croqueta de pernil ib\u00e8ric sense gluten \u00e9s un aut\u00e8ntic menjar que ressalta la qualitat i el sabor inconfusible del pernil ib\u00e8ric. La seva textura \u00e9s cremosa i suau per dins, amb un farcit gener\u00f3s de pernil finament picat, que aporta un delici\u00f3s toc salat i fumat. La capa exterior, cruixent i daurada, est\u00e0 feta [...]","og_url":"https:\/\/www.consigel.com\/ca\/producte\/croquetes-de-pernil-iberic-sense-gluten-la-cocina-de-senen\/","og_site_name":"Consigel","article_modified_time":"2024-10-10T08:49:58+00:00","og_image":[{"width":2560,"height":1421,"url":"https:\/\/www.consigel.com\/wp-content\/uploads\/2024\/10\/Croquetas_jamon-iberico-sin-glutan-senen-ok-scaled.jpg","type":"image\/jpeg"}],"twitter_card":"summary_large_image","twitter_misc":{"Temps estimat de lectura":"1 minut"},"schema":{"@context":"https:\/\/schema.org","@graph":[{"@type":"WebPage","@id":"https:\/\/www.consigel.com\/ca\/producte\/croquetes-de-pernil-iberic-sense-gluten-la-cocina-de-senen\/","url":"https:\/\/www.consigel.com\/ca\/producte\/croquetes-de-pernil-iberic-sense-gluten-la-cocina-de-senen\/","name":"Croquetes de pernil ib\u00e8ric sense gluten la cocina de senen - Consigel","isPartOf":{"@id":"https:\/\/www.consigel.com\/ca\/#website"},"primaryImageOfPage":{"@id":"https:\/\/www.consigel.com\/ca\/producte\/croquetes-de-pernil-iberic-sense-gluten-la-cocina-de-senen\/#primaryimage"},"image":{"@id":"https:\/\/www.consigel.com\/ca\/producte\/croquetes-de-pernil-iberic-sense-gluten-la-cocina-de-senen\/#primaryimage"},"thumbnailUrl":"https:\/\/www.consigel.com\/wp-content\/uploads\/2024\/10\/Croquetas_jamon-iberico-sin-glutan-senen-ok-scaled.jpg","datePublished":"2024-10-09T09:31:42+00:00","dateModified":"2024-10-10T08:49:58+00:00","breadcrumb":{"@id":"https:\/\/www.consigel.com\/ca\/producte\/croquetes-de-pernil-iberic-sense-gluten-la-cocina-de-senen\/#breadcrumb"},"inLanguage":"ca","potentialAction":[{"@type":"ReadAction","target":["https:\/\/www.consigel.com\/ca\/producte\/croquetes-de-pernil-iberic-sense-gluten-la-cocina-de-senen\/"]}]},{"@type":"ImageObject","inLanguage":"ca","@id":"https:\/\/www.consigel.com\/ca\/producte\/croquetes-de-pernil-iberic-sense-gluten-la-cocina-de-senen\/#primaryimage","url":"https:\/\/www.consigel.com\/wp-content\/uploads\/2024\/10\/Croquetas_jamon-iberico-sin-glutan-senen-ok-scaled.jpg","contentUrl":"https:\/\/www.consigel.com\/wp-content\/uploads\/2024\/10\/Croquetas_jamon-iberico-sin-glutan-senen-ok-scaled.jpg","width":2560,"height":1421},{"@type":"BreadcrumbList","@id":"https:\/\/www.consigel.com\/ca\/producte\/croquetes-de-pernil-iberic-sense-gluten-la-cocina-de-senen\/#breadcrumb","itemListElement":[{"@type":"ListItem","position":1,"name":"Portada","item":"https:\/\/www.consigel.com\/ca\/"},{"@type":"ListItem","position":2,"name":"Shop","item":"https:\/\/www.consigel.com\/ca\/shop\/"},{"@type":"ListItem","position":3,"name":"Croquetes de pernil ib\u00e8ric sense gluten la cocina de senen"}]},{"@type":"WebSite","@id":"https:\/\/www.consigel.com\/ca\/#website","url":"https:\/\/www.consigel.com\/ca\/","name":"Consigel","description":"","potentialAction":[{"@type":"SearchAction","target":{"@type":"EntryPoint","urlTemplate":"https:\/\/www.consigel.com\/ca\/?s={search_term_string}"},"query-input":"required name=search_term_string"}],"inLanguage":"ca"}]}},"_links":{"self":[{"href":"https:\/\/www.consigel.com\/ca\/wp-json\/wp\/v2\/product\/4854","targetHints":{"allow":["GET"]}}],"collection":[{"href":"https:\/\/www.consigel.com\/ca\/wp-json\/wp\/v2\/product"}],"about":[{"href":"https:\/\/www.consigel.com\/ca\/wp-json\/wp\/v2\/types\/product"}],"replies":[{"embeddable":true,"href":"https:\/\/www.consigel.com\/ca\/wp-json\/wp\/v2\/comments?post=4854"}],"wp:featuredmedia":[{"embeddable":true,"href":"https:\/\/www.consigel.com\/ca\/wp-json\/wp\/v2\/media\/4855"}],"wp:attachment":[{"href":"https:\/\/www.consigel.com\/ca\/wp-json\/wp\/v2\/media?parent=4854"}],"wp:term":[{"taxonomy":"product_cat","embeddable":true,"href":"https:\/\/www.consigel.com\/ca\/wp-json\/wp\/v2\/product_cat?post=4854"},{"taxonomy":"product_tag","embeddable":true,"href":"https:\/\/www.consigel.com\/ca\/wp-json\/wp\/v2\/product_tag?post=4854"}],"curies":[{"name":"wp","href":"https:\/\/api.w.org\/{rel}","templated":true}]}}

Croquetes de pernil ibèric sense gluten la cocina de senen

<p>La croqueta de pernil ibèric sense gluten és un autèntic menjar que ressalta la qualitat i el sabor inconfusible del pernil ibèric. La seva textura és cremosa i suau per dins, amb un farcit generós de pernil finament picat, que aporta un deliciós toc salat i fumat. La capa exterior, cruixent i daurada, està feta amb pa sense gluten, oferint aquest contrast perfecte a cada mos. Ideal com a aperitiu o tapa, aquestes croquetes són perfectes per gaudir en qualsevol ocasió, satisfent tant els celíacs com els amants de la bona cuina.</p>
<p>Pes 30gr.</p>
<p>Caixa amb 128 unitats.</p>

<p>La croqueta de pernil ibèric sense gluten és un autèntic menjar que ressalta la qualitat i el sabor inconfusible del pernil ibèric. La seva textura és cremosa i suau per dins, amb un farcit generós de pernil finament picat, que aporta un deliciós toc salat i fumat. La capa exterior, cruixent i daurada, està feta [&#8230;]

<!-- This site is optimized with the Yoast SEO plugin v23.3 - https://yoast.com/wordpress/plugins/seo/ -->
<title>Croquetes de pernil ibèric sense gluten la cocina de senen - Consigel</title>
<meta name="robots" content="index, follow, max-snippet:-1, max-image-preview:large, max-video-preview:-1" />
<link rel="canonical" href="https://www.consigel.com/ca/producte/croquetes-de-pernil-iberic-sense-gluten-la-cocina-de-senen/" />
<meta property="og:locale" content="ca_ES" />
<meta property="og:type" content="article" />
<meta property="og:title" content="Croquetes de pernil ibèric sense gluten la cocina de senen - Consigel" />
<meta property="og:description" content="La croqueta de pernil ibèric sense gluten és un autèntic menjar que ressalta la qualitat i el sabor inconfusible del pernil ibèric. La seva textura és cremosa i suau per dins, amb un farcit generós de pernil finament picat, que aporta un deliciós toc salat i fumat. La capa exterior, cruixent i daurada, està feta [...]" />
<meta property="og:url" content="https://www.consigel.com/ca/producte/croquetes-de-pernil-iberic-sense-gluten-la-cocina-de-senen/" />
<meta property="og:site_name" content="Consigel" />
<meta property="article:modified_time" content="2024-10-10T08:49:58+00:00" />
<meta property="og:image" content="https://www.consigel.com/wp-content/uploads/2024/10/Croquetas_jamon-iberico-sin-glutan-senen-ok-scaled.jpg" />
	<meta property="og:image:width" content="2560" />
	<meta property="og:image:height" content="1421" />
	<meta property="og:image:type" content="image/jpeg" />
<meta name="twitter:card" content="summary_large_image" />
<meta name="twitter:label1" content="Temps estimat de lectura" />
	<meta name="twitter:data1" content="1 minut" />
<script type="application/ld+json" class="yoast-schema-graph">{"@context":"https://schema.org","@graph":[{"@type":"WebPage","@id":"https://www.consigel.com/ca/producte/croquetes-de-pernil-iberic-sense-gluten-la-cocina-de-senen/","url":"https://www.consigel.com/ca/producte/croquetes-de-pernil-iberic-sense-gluten-la-cocina-de-senen/","name":"Croquetes de pernil ibèric sense gluten la cocina de senen - Consigel","isPartOf":{"@id":"https://www.consigel.com/ca/#website"},"primaryImageOfPage":{"@id":"https://www.consigel.com/ca/producte/croquetes-de-pernil-iberic-sense-gluten-la-cocina-de-senen/#primaryimage"},"image":{"@id":"https://www.consigel.com/ca/producte/croquetes-de-pernil-iberic-sense-gluten-la-cocina-de-senen/#primaryimage"},"thumbnailUrl":"https://www.consigel.com/wp-content/uploads/2024/10/Croquetas_jamon-iberico-sin-glutan-senen-ok-scaled.jpg","datePublished":"2024-10-09T09:31:42+00:00","dateModified":"2024-10-10T08:49:58+00:00","breadcrumb":{"@id":"https://www.consigel.com/ca/producte/croquetes-de-pernil-iberic-sense-gluten-la-cocina-de-senen/#breadcrumb"},"inLanguage":"ca","potentialAction":[{"@type":"ReadAction","target":["https://www.consigel.com/ca/producte/croquetes-de-pernil-iberic-sense-gluten-la-cocina-de-senen/"]}]},{"@type":"ImageObject","inLanguage":"ca","@id":"https://www.consigel.com/ca/producte/croquetes-de-pernil-iberic-sense-gluten-la-cocina-de-senen/#primaryimage","url":"https://www.consigel.com/wp-content/uploads/2024/10/Croquetas_jamon-iberico-sin-glutan-senen-ok-scaled.jpg","contentUrl":"https://www.consigel.com/wp-content/uploads/2024/10/Croquetas_jamon-iberico-sin-glutan-senen-ok-scaled.jpg","width":2560,"height":1421},{"@type":"BreadcrumbList","@id":"https://www.consigel.com/ca/producte/croquetes-de-pernil-iberic-sense-gluten-la-cocina-de-senen/#breadcrumb","itemListElement":[{"@type":"ListItem","position":1,"name":"Portada","item":"https://www.consigel.com/ca/"},{"@type":"ListItem","position":2,"name":"Shop","item":"https://www.consigel.com/ca/shop/"},{"@type":"ListItem","position":3,"name":"Croquetes de pernil ibèric sense gluten la cocina de senen"}]},{"@type":"WebSite","@id":"https://www.consigel.com/ca/#website","url":"https://www.consigel.com/ca/","name":"Consigel","description":"","potentialAction":[{"@type":"SearchAction","target":{"@type":"EntryPoint","urlTemplate":"https://www.consigel.com/ca/?s={search_term_string}"},"query-input":"required name=search_term_string"}],"inLanguage":"ca"}]}</script>
<!-- / Yoast SEO plugin. -->

Croquetes de pernil ibèric sense gluten la cocina de senen - Consigel

La croqueta de pernil ibèric sense gluten és un autèntic menjar que ressalta la qualitat i el sabor inconfusible del pernil ibèric. La seva textura és cremosa i suau per dins, amb un farcit generós de pernil finament picat, que aporta un deliciós toc salat i fumat. La capa exterior, cruixent i daurada, està feta [...]
