{"id":1811,"date":"2020-11-05T15:48:50","date_gmt":"2020-11-05T15:48:50","guid":{"rendered":"http:\/\/www.consigel.com\/product\/trinxat-de-la-cerdanya-con-beicon-350-gr\/"},"modified":"2024-10-10T14:17:55","modified_gmt":"2024-10-10T14:17:55","slug":"trinxat-de-la-cerdanya-con-beicon-350-gr","status":"publish","type":"product","link":"https:\/\/www.consigel.com\/ca\/producte\/trinxat-de-la-cerdanya-con-beicon-350-gr\/","title":{"rendered":"&#8220;Trinxat de la Cerdanya&#8221; amb cansalada"},"content":{"rendered":"<p>Elaborem aquest popular plat de la cuina catalana seguint la recepta tradicional que es fa servir a les llars del Pirineu. Combina en la justa mesura la col, la patata i el bac\u00f3 per potenciar al m\u00e0xim el sabor de tots els productes. De f\u00e0cil regeneraci\u00f3.<\/p>\n<p>Sense necessitat de descongelar pr\u00e8viament, perforar la part superior de l\u2019env\u00e0s en diversos punts. Posar al microones a m\u00e0xima pot\u00e8ncia (800 W) durant 5-6 minuts fins que la base estigui ben calenta. Tamb\u00e9 \u00e9s possible regenerar-lo al forn.<\/p>\n<p>Format<\/p>\n<p>Caixa de 8 unitats.<\/p>\n<p><img loading=\"lazy\" decoding=\"async\" class=\" size-full wp-image-650\" style=\"width: 99px; height: 93px;\" src=\"http:\/\/www.consigel.com\/wp-content\/uploads\/2013\/10\/asin-gluten.jpg\" alt=\"\" width=\"226\" height=\"223\" srcset=\"https:\/\/www.consigel.com\/wp-content\/uploads\/2013\/10\/asin-gluten.jpg 226w, https:\/\/www.consigel.com\/wp-content\/uploads\/2013\/10\/asin-gluten-100x100.jpg 100w\" sizes=\"auto, (max-width: 226px) 100vw, 226px\" \/><\/p>\n","protected":false},"excerpt":{"rendered":"<p>Elaborem aquest popular plat de la cuina catalana seguint la recepta tradicional que es fa servir a les llars del Pirineu. Combina en la justa mesura la col, la patata i el bac\u00f3 per potenciar al m\u00e0xim el sabor de tots els productes. De f\u00e0cil regeneraci\u00f3. Sense necessitat de descongelar pr\u00e8viament, perforar la part superior [&#8230;]\n","protected":false},"featured_media":1810,"comment_status":"open","ping_status":"closed","template":"","meta":[],"product_cat":[300,311,18,61],"product_tag":[],"class_list":{"0":"post-1811","1":"product","2":"type-product","3":"status-publish","4":"has-post-thumbnail","6":"product_cat-pastes-rissotos-gyozas-canalons","7":"product_cat-productes-sense-gluten","8":"product_cat-gastronomia","9":"product_cat-primers","11":"first","12":"outofstock","13":"shipping-taxable","14":"product-type-simple"},"yoast_head":"<!-- This site is optimized with the Yoast SEO plugin v23.3 - https:\/\/yoast.com\/wordpress\/plugins\/seo\/ -->\n<title>&quot;Trinxat de la Cerdanya&quot; amb cansalada - Consigel<\/title>\n<meta name=\"robots\" content=\"index, follow, max-snippet:-1, max-image-preview:large, max-video-preview:-1\" \/>\n<link rel=\"canonical\" href=\"https:\/\/www.consigel.com\/ca\/producte\/trinxat-de-la-cerdanya-con-beicon-350-gr\/\" \/>\n<meta property=\"og:locale\" content=\"ca_ES\" \/>\n<meta property=\"og:type\" content=\"article\" \/>\n<meta property=\"og:title\" content=\"&quot;Trinxat de la Cerdanya&quot; amb cansalada - Consigel\" \/>\n<meta property=\"og:description\" content=\"Elaborem aquest popular plat de la cuina catalana seguint la recepta tradicional que es fa servir a les llars del Pirineu. Combina en la justa mesura la col, la patata i el bac\u00f3 per potenciar al m\u00e0xim el sabor de tots els productes. De f\u00e0cil regeneraci\u00f3. Sense necessitat de descongelar pr\u00e8viament, perforar la part superior [...]\" \/>\n<meta property=\"og:url\" content=\"https:\/\/www.consigel.com\/ca\/producte\/trinxat-de-la-cerdanya-con-beicon-350-gr\/\" \/>\n<meta property=\"og:site_name\" content=\"Consigel\" \/>\n<meta property=\"article:modified_time\" content=\"2024-10-10T14:17:55+00:00\" \/>\n<meta property=\"og:image\" content=\"https:\/\/www.consigel.com\/wp-content\/uploads\/2020\/11\/2042-thickbox_default-Trinxat-de-la-Cerdanya-con-beicon-350-gr.jpg\" \/>\n\t<meta property=\"og:image:width\" content=\"1200\" \/>\n\t<meta property=\"og:image:height\" content=\"1200\" \/>\n\t<meta property=\"og:image:type\" content=\"image\/jpeg\" \/>\n<meta name=\"twitter:card\" content=\"summary_large_image\" \/>\n<meta name=\"twitter:label1\" content=\"Temps estimat de lectura\" \/>\n\t<meta name=\"twitter:data1\" content=\"1 minut\" \/>\n<script type=\"application\/ld+json\" class=\"yoast-schema-graph\">{\"@context\":\"https:\/\/schema.org\",\"@graph\":[{\"@type\":\"WebPage\",\"@id\":\"https:\/\/www.consigel.com\/ca\/producte\/trinxat-de-la-cerdanya-con-beicon-350-gr\/\",\"url\":\"https:\/\/www.consigel.com\/ca\/producte\/trinxat-de-la-cerdanya-con-beicon-350-gr\/\",\"name\":\"\\\"Trinxat de la Cerdanya\\\" amb cansalada - Consigel\",\"isPartOf\":{\"@id\":\"https:\/\/www.consigel.com\/ca\/#website\"},\"primaryImageOfPage\":{\"@id\":\"https:\/\/www.consigel.com\/ca\/producte\/trinxat-de-la-cerdanya-con-beicon-350-gr\/#primaryimage\"},\"image\":{\"@id\":\"https:\/\/www.consigel.com\/ca\/producte\/trinxat-de-la-cerdanya-con-beicon-350-gr\/#primaryimage\"},\"thumbnailUrl\":\"https:\/\/www.consigel.com\/wp-content\/uploads\/2020\/11\/2042-thickbox_default-Trinxat-de-la-Cerdanya-con-beicon-350-gr.jpg\",\"datePublished\":\"2020-11-05T15:48:50+00:00\",\"dateModified\":\"2024-10-10T14:17:55+00:00\",\"breadcrumb\":{\"@id\":\"https:\/\/www.consigel.com\/ca\/producte\/trinxat-de-la-cerdanya-con-beicon-350-gr\/#breadcrumb\"},\"inLanguage\":\"ca\",\"potentialAction\":[{\"@type\":\"ReadAction\",\"target\":[\"https:\/\/www.consigel.com\/ca\/producte\/trinxat-de-la-cerdanya-con-beicon-350-gr\/\"]}]},{\"@type\":\"ImageObject\",\"inLanguage\":\"ca\",\"@id\":\"https:\/\/www.consigel.com\/ca\/producte\/trinxat-de-la-cerdanya-con-beicon-350-gr\/#primaryimage\",\"url\":\"https:\/\/www.consigel.com\/wp-content\/uploads\/2020\/11\/2042-thickbox_default-Trinxat-de-la-Cerdanya-con-beicon-350-gr.jpg\",\"contentUrl\":\"https:\/\/www.consigel.com\/wp-content\/uploads\/2020\/11\/2042-thickbox_default-Trinxat-de-la-Cerdanya-con-beicon-350-gr.jpg\",\"width\":1200,\"height\":1200,\"caption\":\"\\\"Trinxat de la Cerdanya\\\" con beicon 350 gr.\"},{\"@type\":\"BreadcrumbList\",\"@id\":\"https:\/\/www.consigel.com\/ca\/producte\/trinxat-de-la-cerdanya-con-beicon-350-gr\/#breadcrumb\",\"itemListElement\":[{\"@type\":\"ListItem\",\"position\":1,\"name\":\"Portada\",\"item\":\"https:\/\/www.consigel.com\/ca\/\"},{\"@type\":\"ListItem\",\"position\":2,\"name\":\"Shop\",\"item\":\"https:\/\/www.consigel.com\/ca\/shop\/\"},{\"@type\":\"ListItem\",\"position\":3,\"name\":\"&#8220;Trinxat de la Cerdanya&#8221; amb cansalada\"}]},{\"@type\":\"WebSite\",\"@id\":\"https:\/\/www.consigel.com\/ca\/#website\",\"url\":\"https:\/\/www.consigel.com\/ca\/\",\"name\":\"Consigel\",\"description\":\"\",\"potentialAction\":[{\"@type\":\"SearchAction\",\"target\":{\"@type\":\"EntryPoint\",\"urlTemplate\":\"https:\/\/www.consigel.com\/ca\/?s={search_term_string}\"},\"query-input\":\"required name=search_term_string\"}],\"inLanguage\":\"ca\"}]}<\/script>\n<!-- \/ Yoast SEO plugin. -->","yoast_head_json":{"title":"\"Trinxat de la Cerdanya\" amb cansalada - Consigel","robots":{"index":"index","follow":"follow","max-snippet":"max-snippet:-1","max-image-preview":"max-image-preview:large","max-video-preview":"max-video-preview:-1"},"canonical":"https:\/\/www.consigel.com\/ca\/producte\/trinxat-de-la-cerdanya-con-beicon-350-gr\/","og_locale":"ca_ES","og_type":"article","og_title":"\"Trinxat de la Cerdanya\" amb cansalada - Consigel","og_description":"Elaborem aquest popular plat de la cuina catalana seguint la recepta tradicional que es fa servir a les llars del Pirineu. Combina en la justa mesura la col, la patata i el bac\u00f3 per potenciar al m\u00e0xim el sabor de tots els productes. De f\u00e0cil regeneraci\u00f3. Sense necessitat de descongelar pr\u00e8viament, perforar la part superior [...]","og_url":"https:\/\/www.consigel.com\/ca\/producte\/trinxat-de-la-cerdanya-con-beicon-350-gr\/","og_site_name":"Consigel","article_modified_time":"2024-10-10T14:17:55+00:00","og_image":[{"width":1200,"height":1200,"url":"https:\/\/www.consigel.com\/wp-content\/uploads\/2020\/11\/2042-thickbox_default-Trinxat-de-la-Cerdanya-con-beicon-350-gr.jpg","type":"image\/jpeg"}],"twitter_card":"summary_large_image","twitter_misc":{"Temps estimat de lectura":"1 minut"},"schema":{"@context":"https:\/\/schema.org","@graph":[{"@type":"WebPage","@id":"https:\/\/www.consigel.com\/ca\/producte\/trinxat-de-la-cerdanya-con-beicon-350-gr\/","url":"https:\/\/www.consigel.com\/ca\/producte\/trinxat-de-la-cerdanya-con-beicon-350-gr\/","name":"\"Trinxat de la Cerdanya\" amb cansalada - Consigel","isPartOf":{"@id":"https:\/\/www.consigel.com\/ca\/#website"},"primaryImageOfPage":{"@id":"https:\/\/www.consigel.com\/ca\/producte\/trinxat-de-la-cerdanya-con-beicon-350-gr\/#primaryimage"},"image":{"@id":"https:\/\/www.consigel.com\/ca\/producte\/trinxat-de-la-cerdanya-con-beicon-350-gr\/#primaryimage"},"thumbnailUrl":"https:\/\/www.consigel.com\/wp-content\/uploads\/2020\/11\/2042-thickbox_default-Trinxat-de-la-Cerdanya-con-beicon-350-gr.jpg","datePublished":"2020-11-05T15:48:50+00:00","dateModified":"2024-10-10T14:17:55+00:00","breadcrumb":{"@id":"https:\/\/www.consigel.com\/ca\/producte\/trinxat-de-la-cerdanya-con-beicon-350-gr\/#breadcrumb"},"inLanguage":"ca","potentialAction":[{"@type":"ReadAction","target":["https:\/\/www.consigel.com\/ca\/producte\/trinxat-de-la-cerdanya-con-beicon-350-gr\/"]}]},{"@type":"ImageObject","inLanguage":"ca","@id":"https:\/\/www.consigel.com\/ca\/producte\/trinxat-de-la-cerdanya-con-beicon-350-gr\/#primaryimage","url":"https:\/\/www.consigel.com\/wp-content\/uploads\/2020\/11\/2042-thickbox_default-Trinxat-de-la-Cerdanya-con-beicon-350-gr.jpg","contentUrl":"https:\/\/www.consigel.com\/wp-content\/uploads\/2020\/11\/2042-thickbox_default-Trinxat-de-la-Cerdanya-con-beicon-350-gr.jpg","width":1200,"height":1200,"caption":"\"Trinxat de la Cerdanya\" con beicon 350 gr."},{"@type":"BreadcrumbList","@id":"https:\/\/www.consigel.com\/ca\/producte\/trinxat-de-la-cerdanya-con-beicon-350-gr\/#breadcrumb","itemListElement":[{"@type":"ListItem","position":1,"name":"Portada","item":"https:\/\/www.consigel.com\/ca\/"},{"@type":"ListItem","position":2,"name":"Shop","item":"https:\/\/www.consigel.com\/ca\/shop\/"},{"@type":"ListItem","position":3,"name":"&#8220;Trinxat de la Cerdanya&#8221; amb cansalada"}]},{"@type":"WebSite","@id":"https:\/\/www.consigel.com\/ca\/#website","url":"https:\/\/www.consigel.com\/ca\/","name":"Consigel","description":"","potentialAction":[{"@type":"SearchAction","target":{"@type":"EntryPoint","urlTemplate":"https:\/\/www.consigel.com\/ca\/?s={search_term_string}"},"query-input":"required name=search_term_string"}],"inLanguage":"ca"}]}},"_links":{"self":[{"href":"https:\/\/www.consigel.com\/ca\/wp-json\/wp\/v2\/product\/1811","targetHints":{"allow":["GET"]}}],"collection":[{"href":"https:\/\/www.consigel.com\/ca\/wp-json\/wp\/v2\/product"}],"about":[{"href":"https:\/\/www.consigel.com\/ca\/wp-json\/wp\/v2\/types\/product"}],"replies":[{"embeddable":true,"href":"https:\/\/www.consigel.com\/ca\/wp-json\/wp\/v2\/comments?post=1811"}],"wp:featuredmedia":[{"embeddable":true,"href":"https:\/\/www.consigel.com\/ca\/wp-json\/wp\/v2\/media\/1810"}],"wp:attachment":[{"href":"https:\/\/www.consigel.com\/ca\/wp-json\/wp\/v2\/media?parent=1811"}],"wp:term":[{"taxonomy":"product_cat","embeddable":true,"href":"https:\/\/www.consigel.com\/ca\/wp-json\/wp\/v2\/product_cat?post=1811"},{"taxonomy":"product_tag","embeddable":true,"href":"https:\/\/www.consigel.com\/ca\/wp-json\/wp\/v2\/product_tag?post=1811"}],"curies":[{"name":"wp","href":"https:\/\/api.w.org\/{rel}","templated":true}]}}

<p>Elaborem aquest popular plat de la cuina catalana seguint la recepta tradicional que es fa servir a les llars del Pirineu. Combina en la justa mesura la col, la patata i el bacó per potenciar al màxim el sabor de tots els productes. De fàcil regeneració.</p>
<p>Sense necessitat de descongelar prèviament, perforar la part superior de l’envàs en diversos punts. Posar al microones a màxima potència (800 W) durant 5-6 minuts fins que la base estigui ben calenta. També és possible regenerar-lo al forn.</p>
<p>Format</p>
<p>Caixa de 8 unitats.</p>
<p><img loading="lazy" decoding="async" class=" size-full wp-image-650" style="width: 99px; height: 93px;" src="http://www.consigel.com/wp-content/uploads/2013/10/asin-gluten.jpg" alt="" width="226" height="223" srcset="https://www.consigel.com/wp-content/uploads/2013/10/asin-gluten.jpg 226w, https://www.consigel.com/wp-content/uploads/2013/10/asin-gluten-100x100.jpg 100w" sizes="auto, (max-width: 226px) 100vw, 226px" /></p>

<p>Elaborem aquest popular plat de la cuina catalana seguint la recepta tradicional que es fa servir a les llars del Pirineu. Combina en la justa mesura la col, la patata i el bacó per potenciar al màxim el sabor de tots els productes. De fàcil regeneració. Sense necessitat de descongelar prèviament, perforar la part superior [&#8230;]

<!-- This site is optimized with the Yoast SEO plugin v23.3 - https://yoast.com/wordpress/plugins/seo/ -->
<title>&quot;Trinxat de la Cerdanya&quot; amb cansalada - Consigel</title>
<meta name="robots" content="index, follow, max-snippet:-1, max-image-preview:large, max-video-preview:-1" />
<link rel="canonical" href="https://www.consigel.com/ca/producte/trinxat-de-la-cerdanya-con-beicon-350-gr/" />
<meta property="og:locale" content="ca_ES" />
<meta property="og:type" content="article" />
<meta property="og:title" content="&quot;Trinxat de la Cerdanya&quot; amb cansalada - Consigel" />
<meta property="og:description" content="Elaborem aquest popular plat de la cuina catalana seguint la recepta tradicional que es fa servir a les llars del Pirineu. Combina en la justa mesura la col, la patata i el bacó per potenciar al màxim el sabor de tots els productes. De fàcil regeneració. Sense necessitat de descongelar prèviament, perforar la part superior [...]" />
<meta property="og:url" content="https://www.consigel.com/ca/producte/trinxat-de-la-cerdanya-con-beicon-350-gr/" />
<meta property="og:site_name" content="Consigel" />
<meta property="article:modified_time" content="2024-10-10T14:17:55+00:00" />
<meta property="og:image" content="https://www.consigel.com/wp-content/uploads/2020/11/2042-thickbox_default-Trinxat-de-la-Cerdanya-con-beicon-350-gr.jpg" />
	<meta property="og:image:width" content="1200" />
	<meta property="og:image:height" content="1200" />
	<meta property="og:image:type" content="image/jpeg" />
<meta name="twitter:card" content="summary_large_image" />
<meta name="twitter:label1" content="Temps estimat de lectura" />
	<meta name="twitter:data1" content="1 minut" />
<script type="application/ld+json" class="yoast-schema-graph">{"@context":"https://schema.org","@graph":[{"@type":"WebPage","@id":"https://www.consigel.com/ca/producte/trinxat-de-la-cerdanya-con-beicon-350-gr/","url":"https://www.consigel.com/ca/producte/trinxat-de-la-cerdanya-con-beicon-350-gr/","name":"\"Trinxat de la Cerdanya\" amb cansalada - Consigel","isPartOf":{"@id":"https://www.consigel.com/ca/#website"},"primaryImageOfPage":{"@id":"https://www.consigel.com/ca/producte/trinxat-de-la-cerdanya-con-beicon-350-gr/#primaryimage"},"image":{"@id":"https://www.consigel.com/ca/producte/trinxat-de-la-cerdanya-con-beicon-350-gr/#primaryimage"},"thumbnailUrl":"https://www.consigel.com/wp-content/uploads/2020/11/2042-thickbox_default-Trinxat-de-la-Cerdanya-con-beicon-350-gr.jpg","datePublished":"2020-11-05T15:48:50+00:00","dateModified":"2024-10-10T14:17:55+00:00","breadcrumb":{"@id":"https://www.consigel.com/ca/producte/trinxat-de-la-cerdanya-con-beicon-350-gr/#breadcrumb"},"inLanguage":"ca","potentialAction":[{"@type":"ReadAction","target":["https://www.consigel.com/ca/producte/trinxat-de-la-cerdanya-con-beicon-350-gr/"]}]},{"@type":"ImageObject","inLanguage":"ca","@id":"https://www.consigel.com/ca/producte/trinxat-de-la-cerdanya-con-beicon-350-gr/#primaryimage","url":"https://www.consigel.com/wp-content/uploads/2020/11/2042-thickbox_default-Trinxat-de-la-Cerdanya-con-beicon-350-gr.jpg","contentUrl":"https://www.consigel.com/wp-content/uploads/2020/11/2042-thickbox_default-Trinxat-de-la-Cerdanya-con-beicon-350-gr.jpg","width":1200,"height":1200,"caption":"\"Trinxat de la Cerdanya\" con beicon 350 gr."},{"@type":"BreadcrumbList","@id":"https://www.consigel.com/ca/producte/trinxat-de-la-cerdanya-con-beicon-350-gr/#breadcrumb","itemListElement":[{"@type":"ListItem","position":1,"name":"Portada","item":"https://www.consigel.com/ca/"},{"@type":"ListItem","position":2,"name":"Shop","item":"https://www.consigel.com/ca/shop/"},{"@type":"ListItem","position":3,"name":"&#8220;Trinxat de la Cerdanya&#8221; amb cansalada"}]},{"@type":"WebSite","@id":"https://www.consigel.com/ca/#website","url":"https://www.consigel.com/ca/","name":"Consigel","description":"","potentialAction":[{"@type":"SearchAction","target":{"@type":"EntryPoint","urlTemplate":"https://www.consigel.com/ca/?s={search_term_string}"},"query-input":"required name=search_term_string"}],"inLanguage":"ca"}]}</script>
<!-- / Yoast SEO plugin. -->

Elaborem aquest popular plat de la cuina catalana seguint la recepta tradicional que es fa servir a les llars del Pirineu. Combina en la justa mesura la col, la patata i el bacó per potenciar al màxim el sabor de tots els productes. De fàcil regeneració. Sense necessitat de descongelar prèviament, perforar la part superior [...]
