{"id":1471,"date":"2018-01-30T17:41:24","date_gmt":"2018-01-30T17:41:24","guid":{"rendered":"http:\/\/www.consigel.com\/product\/negre-d-anyada\/"},"modified":"2018-01-30T17:41:24","modified_gmt":"2018-01-30T17:41:24","slug":"negre-d-anyada","status":"publish","type":"product","link":"https:\/\/www.consigel.com\/ca\/producte\/negre-d-anyada\/","title":{"rendered":"Negre d&#8217;Anyada"},"content":{"rendered":"<p><strong><span style=\"color: #4f4f4f; font-family: Arial; font-size: large;\">Vinificaci\u00f3n:\u00a0<\/span><\/strong><span style=\"color: #4f4f4f; text-transform: none; text-indent: 0px; letter-spacing: normal; font-family: 'Merriweather Sans', sans-serif; font-size: 17.6px; font-style: normal; font-weight: 300; word-spacing: 0px; float: none; display: inline !important; white-space: normal; orphans: 2; widows: 2; background-color: #ffffff; font-variant-ligatures: normal; font-variant-caps: normal; -webkit-text-stroke-width: 0px; text-decoration-style: initial; text-decoration-color: initial;\">Llegada la vendimia, en la bodega, se deposita la uva en la tolva que la conduce a la despalilladora. Una vez se ha separado el rasp\u00f3n del grano, se enfr\u00eda y se conduce la llamada \u201cpasta\u201d a unos dep\u00f3sitos de acero inoxidable donde, paralelamente a una larga maceraci\u00f3n, se inicia la fermentaci\u00f3n a una temperatura alrededor de 28\u00baC. Una maceraci\u00f3n de unos 15 d\u00edas, acompa\u00f1ada de los tradicionales bazuqueos, nos perm<span style=\"color: #4f4f4f; font-family: Arial; font-size: large;\">ite extraer una buena dosis de estructura t\u00e1nica.<\/span><\/span><\/p>\n<p><span style=\"color: #4f4f4f; text-transform: none; text-indent: 0px; letter-spacing: normal; font-family: 'Merriweather Sans', sans-serif; font-size: 17.6px; font-style: normal; font-weight: 300; word-spacing: 0px; float: none; display: inline !important; white-space: normal; orphans: 2; widows: 2; background-color: #ffffff; font-variant-ligatures: normal; font-variant-caps: normal; -webkit-text-stroke-width: 0px; text-decoration-style: initial; text-decoration-color: initial;\"><span style=\"color: #828282; text-transform: none; text-indent: 0px; letter-spacing: normal; font-family: Merriweather, serif; font-size: 17.6px; font-style: normal; font-weight: 300; word-spacing: 0px; float: none; display: inline !important; white-space: normal; orphans: 2; widows: 2; background-color: #ffffff; font-variant-ligatures: normal; font-variant-caps: normal; -webkit-text-stroke-width: 0px; text-decoration-style: initial; text-decoration-color: initial;\">\u201cRefinado y elegante, en su mejor momento. Tiene fruta en abundancia, con tacto aterciopelado, en un concepto muy bordel\u00e9s. Muestra un uso mod\u00e9lico de las variedades Cabernet y Merlot, sin verdores y con perfume de humus, casis, trufa y cereza negra\u201d. (<\/span><strong style=\"color: #828282; text-transform: none; text-indent: 0px; letter-spacing: normal; font-family: Merriweather, serif; font-size: 17.6px; font-style: normal; font-weight: bold; word-spacing: 0px; white-space: normal; box-sizing: inherit; orphans: 2; widows: 2; background-color: #ffffff; font-variant-ligatures: normal; font-variant-caps: normal; -webkit-text-stroke-width: 0px; text-decoration-style: initial; text-decoration-color: initial;\">VINUM, La Gu\u00eda del vino cotidiano<\/strong><span style=\"color: #828282; text-transform: none; text-indent: 0px; letter-spacing: normal; font-family: Merriweather, serif; font-size: 17.6px; font-style: normal; font-weight: 300; word-spacing: 0px; float: none; display: inline !important; white-space: normal; orphans: 2; widows: 2; background-color: #ffffff; font-variant-ligatures: normal; font-variant-caps: normal; -webkit-text-stroke-width: 0px; text-decoration-style: initial; text-decoration-color: initial;\">).<\/span><br style=\"color: #828282; text-transform: none; text-indent: 0px; letter-spacing: normal; font-family: Merriweather, serif; font-size: 17.6px; font-style: normal; font-weight: 300; word-spacing: 0px; white-space: normal; box-sizing: inherit; orphans: 2; widows: 2; background-color: #ffffff; font-variant-ligatures: normal; font-variant-caps: normal; -webkit-text-stroke-width: 0px; text-decoration-style: initial; text-decoration-color: initial;\" \/><span style=\"color: #828282; text-transform: none; text-indent: 0px; letter-spacing: normal; font-family: Merriweather, serif; font-size: 17.6px; font-style: normal; font-weight: 300; word-spacing: 0px; float: none; display: inline !important; white-space: normal; orphans: 2; widows: 2; background-color: #ffffff; font-variant-ligatures: normal; font-variant-caps: normal; -webkit-text-stroke-width: 0px; text-decoration-style: initial; text-decoration-color: initial;\">\u201cColor cereza intenso. Aroma potente, con car\u00e1cter, tostado, especias dulces. Boca potente, buena acidez, fruta madura,especiado.\u201d (<\/span><strong style=\"color: #828282; text-transform: none; text-indent: 0px; letter-spacing: normal; font-family: Merriweather, serif; font-size: 17.6px; font-style: normal; font-weight: bold; word-spacing: 0px; white-space: normal; box-sizing: inherit; orphans: 2; widows: 2; background-color: #ffffff; font-variant-ligatures: normal; font-variant-caps: normal; -webkit-text-stroke-width: 0px; text-decoration-style: initial; text-decoration-color: initial;\">Gu\u00eda Pe\u00f1in de los Vinos de Espa\u00f1a 2014<\/strong><span style=\"color: #828282; text-transform: none; text-indent: 0px; letter-spacing: normal; font-family: Merriweather, serif; font-size: 17.6px; font-style: normal; font-weight: 300; word-spacing: 0px; float: none; display: inline !important; white-space: normal; orphans: 2; widows: 2; background-color: #ffffff; font-variant-ligatures: normal; font-variant-caps: normal; -webkit-text-stroke-width: 0px; text-decoration-style: initial; text-decoration-color: initial;\">).<\/span><\/span><\/p>\n","protected":false},"excerpt":{"rendered":"<p><span style=\"color: #4f4f4f; text-transform: none; text-indent: 0px; letter-spacing: normal; font-family: 'Merriweather Sans', sans-serif; font-size: 17.6px; font-style: normal; font-weight: 300; word-spacing: 0px; float: none; display: inline !important; white-space: normal; orphans: 2; widows: 2; background-color: #ffffff; font-variant-ligatures: normal; font-variant-caps: normal; -webkit-text-stroke-width: 0px; text-decoration-style: initial; text-decoration-color: initial;\">50% Merlot, 50% Garnatxa<\/span><\/p>\n","protected":false},"featured_media":1470,"comment_status":"open","ping_status":"closed","template":"","meta":[],"product_cat":[128],"product_tag":[],"class_list":{"0":"post-1471","1":"product","2":"type-product","3":"status-publish","4":"has-post-thumbnail","6":"product_cat-bodega-mas-comtal","8":"first","9":"outofstock","10":"shipping-taxable","11":"product-type-simple"},"yoast_head":"<!-- This site is optimized with the Yoast SEO plugin v23.3 - https:\/\/yoast.com\/wordpress\/plugins\/seo\/ -->\n<title>Negre d&#039;Anyada - Consigel<\/title>\n<meta name=\"robots\" content=\"index, follow, max-snippet:-1, max-image-preview:large, max-video-preview:-1\" \/>\n<link rel=\"canonical\" href=\"https:\/\/www.consigel.com\/ca\/producte\/negre-d-anyada\/\" \/>\n<meta property=\"og:locale\" content=\"ca_ES\" \/>\n<meta property=\"og:type\" content=\"article\" \/>\n<meta property=\"og:title\" content=\"Negre d&#039;Anyada - Consigel\" \/>\n<meta property=\"og:description\" content=\"50% Merlot, 50% Garnatxa\" \/>\n<meta property=\"og:url\" content=\"https:\/\/www.consigel.com\/ca\/producte\/negre-d-anyada\/\" \/>\n<meta property=\"og:site_name\" content=\"Consigel\" \/>\n<meta property=\"og:image\" content=\"https:\/\/www.consigel.com\/wp-content\/uploads\/2018\/01\/1761-thickbox_default-Negre-dAnyada.jpg\" \/>\n\t<meta property=\"og:image:width\" content=\"1200\" \/>\n\t<meta property=\"og:image:height\" content=\"1200\" \/>\n\t<meta property=\"og:image:type\" content=\"image\/jpeg\" \/>\n<meta name=\"twitter:card\" content=\"summary_large_image\" \/>\n<meta name=\"twitter:label1\" content=\"Temps estimat de lectura\" \/>\n\t<meta name=\"twitter:data1\" content=\"1 minut\" \/>\n<script type=\"application\/ld+json\" class=\"yoast-schema-graph\">{\"@context\":\"https:\/\/schema.org\",\"@graph\":[{\"@type\":\"WebPage\",\"@id\":\"https:\/\/www.consigel.com\/ca\/producte\/negre-d-anyada\/\",\"url\":\"https:\/\/www.consigel.com\/ca\/producte\/negre-d-anyada\/\",\"name\":\"Negre d'Anyada - Consigel\",\"isPartOf\":{\"@id\":\"https:\/\/www.consigel.com\/ca\/#website\"},\"primaryImageOfPage\":{\"@id\":\"https:\/\/www.consigel.com\/ca\/producte\/negre-d-anyada\/#primaryimage\"},\"image\":{\"@id\":\"https:\/\/www.consigel.com\/ca\/producte\/negre-d-anyada\/#primaryimage\"},\"thumbnailUrl\":\"https:\/\/www.consigel.com\/wp-content\/uploads\/2018\/01\/1761-thickbox_default-Negre-dAnyada.jpg\",\"datePublished\":\"2018-01-30T17:41:24+00:00\",\"dateModified\":\"2018-01-30T17:41:24+00:00\",\"breadcrumb\":{\"@id\":\"https:\/\/www.consigel.com\/ca\/producte\/negre-d-anyada\/#breadcrumb\"},\"inLanguage\":\"ca\",\"potentialAction\":[{\"@type\":\"ReadAction\",\"target\":[\"https:\/\/www.consigel.com\/ca\/producte\/negre-d-anyada\/\"]}]},{\"@type\":\"ImageObject\",\"inLanguage\":\"ca\",\"@id\":\"https:\/\/www.consigel.com\/ca\/producte\/negre-d-anyada\/#primaryimage\",\"url\":\"https:\/\/www.consigel.com\/wp-content\/uploads\/2018\/01\/1761-thickbox_default-Negre-dAnyada.jpg\",\"contentUrl\":\"https:\/\/www.consigel.com\/wp-content\/uploads\/2018\/01\/1761-thickbox_default-Negre-dAnyada.jpg\",\"width\":1200,\"height\":1200,\"caption\":\"Negre d'Anyada\"},{\"@type\":\"BreadcrumbList\",\"@id\":\"https:\/\/www.consigel.com\/ca\/producte\/negre-d-anyada\/#breadcrumb\",\"itemListElement\":[{\"@type\":\"ListItem\",\"position\":1,\"name\":\"Portada\",\"item\":\"https:\/\/www.consigel.com\/ca\/\"},{\"@type\":\"ListItem\",\"position\":2,\"name\":\"Shop\",\"item\":\"https:\/\/www.consigel.com\/ca\/shop\/\"},{\"@type\":\"ListItem\",\"position\":3,\"name\":\"Negre d&#8217;Anyada\"}]},{\"@type\":\"WebSite\",\"@id\":\"https:\/\/www.consigel.com\/ca\/#website\",\"url\":\"https:\/\/www.consigel.com\/ca\/\",\"name\":\"Consigel\",\"description\":\"\",\"potentialAction\":[{\"@type\":\"SearchAction\",\"target\":{\"@type\":\"EntryPoint\",\"urlTemplate\":\"https:\/\/www.consigel.com\/ca\/?s={search_term_string}\"},\"query-input\":\"required name=search_term_string\"}],\"inLanguage\":\"ca\"}]}<\/script>\n<!-- \/ Yoast SEO plugin. -->","yoast_head_json":{"title":"Negre d'Anyada - Consigel","robots":{"index":"index","follow":"follow","max-snippet":"max-snippet:-1","max-image-preview":"max-image-preview:large","max-video-preview":"max-video-preview:-1"},"canonical":"https:\/\/www.consigel.com\/ca\/producte\/negre-d-anyada\/","og_locale":"ca_ES","og_type":"article","og_title":"Negre d'Anyada - Consigel","og_description":"50% Merlot, 50% Garnatxa","og_url":"https:\/\/www.consigel.com\/ca\/producte\/negre-d-anyada\/","og_site_name":"Consigel","og_image":[{"width":1200,"height":1200,"url":"https:\/\/www.consigel.com\/wp-content\/uploads\/2018\/01\/1761-thickbox_default-Negre-dAnyada.jpg","type":"image\/jpeg"}],"twitter_card":"summary_large_image","twitter_misc":{"Temps estimat de lectura":"1 minut"},"schema":{"@context":"https:\/\/schema.org","@graph":[{"@type":"WebPage","@id":"https:\/\/www.consigel.com\/ca\/producte\/negre-d-anyada\/","url":"https:\/\/www.consigel.com\/ca\/producte\/negre-d-anyada\/","name":"Negre d'Anyada - Consigel","isPartOf":{"@id":"https:\/\/www.consigel.com\/ca\/#website"},"primaryImageOfPage":{"@id":"https:\/\/www.consigel.com\/ca\/producte\/negre-d-anyada\/#primaryimage"},"image":{"@id":"https:\/\/www.consigel.com\/ca\/producte\/negre-d-anyada\/#primaryimage"},"thumbnailUrl":"https:\/\/www.consigel.com\/wp-content\/uploads\/2018\/01\/1761-thickbox_default-Negre-dAnyada.jpg","datePublished":"2018-01-30T17:41:24+00:00","dateModified":"2018-01-30T17:41:24+00:00","breadcrumb":{"@id":"https:\/\/www.consigel.com\/ca\/producte\/negre-d-anyada\/#breadcrumb"},"inLanguage":"ca","potentialAction":[{"@type":"ReadAction","target":["https:\/\/www.consigel.com\/ca\/producte\/negre-d-anyada\/"]}]},{"@type":"ImageObject","inLanguage":"ca","@id":"https:\/\/www.consigel.com\/ca\/producte\/negre-d-anyada\/#primaryimage","url":"https:\/\/www.consigel.com\/wp-content\/uploads\/2018\/01\/1761-thickbox_default-Negre-dAnyada.jpg","contentUrl":"https:\/\/www.consigel.com\/wp-content\/uploads\/2018\/01\/1761-thickbox_default-Negre-dAnyada.jpg","width":1200,"height":1200,"caption":"Negre d'Anyada"},{"@type":"BreadcrumbList","@id":"https:\/\/www.consigel.com\/ca\/producte\/negre-d-anyada\/#breadcrumb","itemListElement":[{"@type":"ListItem","position":1,"name":"Portada","item":"https:\/\/www.consigel.com\/ca\/"},{"@type":"ListItem","position":2,"name":"Shop","item":"https:\/\/www.consigel.com\/ca\/shop\/"},{"@type":"ListItem","position":3,"name":"Negre d&#8217;Anyada"}]},{"@type":"WebSite","@id":"https:\/\/www.consigel.com\/ca\/#website","url":"https:\/\/www.consigel.com\/ca\/","name":"Consigel","description":"","potentialAction":[{"@type":"SearchAction","target":{"@type":"EntryPoint","urlTemplate":"https:\/\/www.consigel.com\/ca\/?s={search_term_string}"},"query-input":"required name=search_term_string"}],"inLanguage":"ca"}]}},"_links":{"self":[{"href":"https:\/\/www.consigel.com\/ca\/wp-json\/wp\/v2\/product\/1471","targetHints":{"allow":["GET"]}}],"collection":[{"href":"https:\/\/www.consigel.com\/ca\/wp-json\/wp\/v2\/product"}],"about":[{"href":"https:\/\/www.consigel.com\/ca\/wp-json\/wp\/v2\/types\/product"}],"replies":[{"embeddable":true,"href":"https:\/\/www.consigel.com\/ca\/wp-json\/wp\/v2\/comments?post=1471"}],"wp:featuredmedia":[{"embeddable":true,"href":"https:\/\/www.consigel.com\/ca\/wp-json\/wp\/v2\/media\/1470"}],"wp:attachment":[{"href":"https:\/\/www.consigel.com\/ca\/wp-json\/wp\/v2\/media?parent=1471"}],"wp:term":[{"taxonomy":"product_cat","embeddable":true,"href":"https:\/\/www.consigel.com\/ca\/wp-json\/wp\/v2\/product_cat?post=1471"},{"taxonomy":"product_tag","embeddable":true,"href":"https:\/\/www.consigel.com\/ca\/wp-json\/wp\/v2\/product_tag?post=1471"}],"curies":[{"name":"wp","href":"https:\/\/api.w.org\/{rel}","templated":true}]}}

<p><strong><span style="color: #4f4f4f; font-family: Arial; font-size: large;">Vinificación: </span></strong><span style="color: #4f4f4f; text-transform: none; text-indent: 0px; letter-spacing: normal; font-family: 'Merriweather Sans', sans-serif; font-size: 17.6px; font-style: normal; font-weight: 300; word-spacing: 0px; float: none; display: inline !important; white-space: normal; orphans: 2; widows: 2; background-color: #ffffff; font-variant-ligatures: normal; font-variant-caps: normal; -webkit-text-stroke-width: 0px; text-decoration-style: initial; text-decoration-color: initial;">Llegada la vendimia, en la bodega, se deposita la uva en la tolva que la conduce a la despalilladora. Una vez se ha separado el raspón del grano, se enfría y se conduce la llamada “pasta” a unos depósitos de acero inoxidable donde, paralelamente a una larga maceración, se inicia la fermentación a una temperatura alrededor de 28ºC. Una maceración de unos 15 días, acompañada de los tradicionales bazuqueos, nos perm<span style="color: #4f4f4f; font-family: Arial; font-size: large;">ite extraer una buena dosis de estructura tánica.</span></span></p>
<p><span style="color: #4f4f4f; text-transform: none; text-indent: 0px; letter-spacing: normal; font-family: 'Merriweather Sans', sans-serif; font-size: 17.6px; font-style: normal; font-weight: 300; word-spacing: 0px; float: none; display: inline !important; white-space: normal; orphans: 2; widows: 2; background-color: #ffffff; font-variant-ligatures: normal; font-variant-caps: normal; -webkit-text-stroke-width: 0px; text-decoration-style: initial; text-decoration-color: initial;"><span style="color: #828282; text-transform: none; text-indent: 0px; letter-spacing: normal; font-family: Merriweather, serif; font-size: 17.6px; font-style: normal; font-weight: 300; word-spacing: 0px; float: none; display: inline !important; white-space: normal; orphans: 2; widows: 2; background-color: #ffffff; font-variant-ligatures: normal; font-variant-caps: normal; -webkit-text-stroke-width: 0px; text-decoration-style: initial; text-decoration-color: initial;">“Refinado y elegante, en su mejor momento. Tiene fruta en abundancia, con tacto aterciopelado, en un concepto muy bordelés. Muestra un uso modélico de las variedades Cabernet y Merlot, sin verdores y con perfume de humus, casis, trufa y cereza negra”. (</span><strong style="color: #828282; text-transform: none; text-indent: 0px; letter-spacing: normal; font-family: Merriweather, serif; font-size: 17.6px; font-style: normal; font-weight: bold; word-spacing: 0px; white-space: normal; box-sizing: inherit; orphans: 2; widows: 2; background-color: #ffffff; font-variant-ligatures: normal; font-variant-caps: normal; -webkit-text-stroke-width: 0px; text-decoration-style: initial; text-decoration-color: initial;">VINUM, La Guía del vino cotidiano</strong><span style="color: #828282; text-transform: none; text-indent: 0px; letter-spacing: normal; font-family: Merriweather, serif; font-size: 17.6px; font-style: normal; font-weight: 300; word-spacing: 0px; float: none; display: inline !important; white-space: normal; orphans: 2; widows: 2; background-color: #ffffff; font-variant-ligatures: normal; font-variant-caps: normal; -webkit-text-stroke-width: 0px; text-decoration-style: initial; text-decoration-color: initial;">).</span><br style="color: #828282; text-transform: none; text-indent: 0px; letter-spacing: normal; font-family: Merriweather, serif; font-size: 17.6px; font-style: normal; font-weight: 300; word-spacing: 0px; white-space: normal; box-sizing: inherit; orphans: 2; widows: 2; background-color: #ffffff; font-variant-ligatures: normal; font-variant-caps: normal; -webkit-text-stroke-width: 0px; text-decoration-style: initial; text-decoration-color: initial;" /><span style="color: #828282; text-transform: none; text-indent: 0px; letter-spacing: normal; font-family: Merriweather, serif; font-size: 17.6px; font-style: normal; font-weight: 300; word-spacing: 0px; float: none; display: inline !important; white-space: normal; orphans: 2; widows: 2; background-color: #ffffff; font-variant-ligatures: normal; font-variant-caps: normal; -webkit-text-stroke-width: 0px; text-decoration-style: initial; text-decoration-color: initial;">“Color cereza intenso. Aroma potente, con carácter, tostado, especias dulces. Boca potente, buena acidez, fruta madura,especiado.” (</span><strong style="color: #828282; text-transform: none; text-indent: 0px; letter-spacing: normal; font-family: Merriweather, serif; font-size: 17.6px; font-style: normal; font-weight: bold; word-spacing: 0px; white-space: normal; box-sizing: inherit; orphans: 2; widows: 2; background-color: #ffffff; font-variant-ligatures: normal; font-variant-caps: normal; -webkit-text-stroke-width: 0px; text-decoration-style: initial; text-decoration-color: initial;">Guía Peñin de los Vinos de España 2014</strong><span style="color: #828282; text-transform: none; text-indent: 0px; letter-spacing: normal; font-family: Merriweather, serif; font-size: 17.6px; font-style: normal; font-weight: 300; word-spacing: 0px; float: none; display: inline !important; white-space: normal; orphans: 2; widows: 2; background-color: #ffffff; font-variant-ligatures: normal; font-variant-caps: normal; -webkit-text-stroke-width: 0px; text-decoration-style: initial; text-decoration-color: initial;">).</span></span></p>
