{"id":1439,"date":"2018-01-26T18:11:36","date_gmt":"2018-01-26T18:11:36","guid":{"rendered":"http:\/\/www.consigel.com\/product\/i-tant-negro\/"},"modified":"2018-01-26T18:11:36","modified_gmt":"2018-01-26T18:11:36","slug":"i-tant-negro","status":"publish","type":"product","link":"https:\/\/www.consigel.com\/ca\/producte\/i-tant-negro\/","title":{"rendered":"i tant Tinto"},"content":{"rendered":"<table style=\"width: 540px;\" border=\"0\" cellspacing=\"0\" cellpadding=\"0\">\n<colgroup>\n<col width=\"540\" \/><\/colgroup>\n<tbody>\n<tr>\n<td width=\"540\" height=\"77\"><span style=\"font-family: Arial; font-size: medium;\">Con este vino queremos mostrar el comportamiento de la Garnacha tinta en los terrenos arcillosos de la DOMontsant.\u00a0Los vi\u00f1edos de procedencia est\u00e1n situadas en la zona sur del Montsant, concretamente en El Masroig, lo que garantiza las horas de Sol necesarias para llegar a su correcta maduraci\u00f3n.<\/span><\/td>\n<\/tr>\n<tr>\n<td width=\"540\" height=\"58\"><span style=\"font-family: Arial; font-size: medium;\">COLOR: Presenta un color granate intenso y una capa de color media-alta, los tonos viol\u00e1ceos que complementan la capa de color nos dan una idea de su viveza y juventud.<\/span><\/td>\n<\/tr>\n<tr>\n<td width=\"540\" height=\"96\"><span style=\"font-family: Arial; font-size: medium;\">AROMA: Al principio encontramos una explosi\u00f3n arom\u00e1tica de frutas rojas, muy t\u00edpicas de la garnacha.\u00a0Esta fruta la encontramos acompa\u00f1ada de aromas bals\u00e1micos, d\u00e1ndole un car\u00e1cter goloso, y para finalizar encontramos unos toques anisados que recuerdan el hinojo, una planta t\u00edpica del sotobosque Mediterr\u00e1neo.<\/span><\/td>\n<\/tr>\n<tr>\n<td width=\"540\" height=\"77\"><span style=\"font-family: Arial; font-size: medium;\">BOCA: La cata es muy descriptivo de la Garnacha tinta, afrutado, con predominio de fruta roja, con una entrada suave y limpia.\u00a0Buena cremosidad que compensa los taninos Amoroso-los.\u00a0Al final de la boca vuelve a reaparecer la estructura vinosa de la garnacha que le confiere equilibrio al conjunto del vino.<\/span><\/td>\n<\/tr>\n<\/tbody>\n<\/table>\n","protected":false},"excerpt":{"rendered":"<p>Con este vino queremos mostrar el comportamiento de la Garnacha tinta en los terrenos arcillosos de la DOMontsant.\u00a0Los vi\u00f1edos de procedencia est\u00e1n situadas en la zona sur del Montsant, concretamente en El Masroig, lo que garantiza las horas de Sol necesarias para llegar a su correcta maduraci\u00f3n. COLOR: Presenta un color granate intenso y una [&#8230;]\n","protected":false},"featured_media":1438,"comment_status":"open","ping_status":"closed","template":"","meta":[],"product_cat":[60],"product_tag":[],"class_list":{"0":"post-1439","1":"product","2":"type-product","3":"status-publish","4":"has-post-thumbnail","6":"product_cat-do-montsant","8":"first","9":"outofstock","10":"shipping-taxable","11":"product-type-simple"},"yoast_head":"<!-- This site is optimized with the Yoast SEO plugin v23.3 - https:\/\/yoast.com\/wordpress\/plugins\/seo\/ -->\n<title>i tant Tinto - Consigel<\/title>\n<meta name=\"robots\" content=\"index, follow, max-snippet:-1, max-image-preview:large, max-video-preview:-1\" \/>\n<link rel=\"canonical\" href=\"https:\/\/www.consigel.com\/ca\/producte\/i-tant-negro\/\" \/>\n<meta property=\"og:locale\" content=\"ca_ES\" \/>\n<meta property=\"og:type\" content=\"article\" \/>\n<meta property=\"og:title\" content=\"i tant Tinto - Consigel\" \/>\n<meta property=\"og:description\" content=\"Con este vino queremos mostrar el comportamiento de la Garnacha tinta en los terrenos arcillosos de la DOMontsant.\u00a0Los vi\u00f1edos de procedencia est\u00e1n situadas en la zona sur del Montsant, concretamente en El Masroig, lo que garantiza las horas de Sol necesarias para llegar a su correcta maduraci\u00f3n. COLOR: Presenta un color granate intenso y una [...]\" \/>\n<meta property=\"og:url\" content=\"https:\/\/www.consigel.com\/ca\/producte\/i-tant-negro\/\" \/>\n<meta property=\"og:site_name\" content=\"Consigel\" \/>\n<meta property=\"og:image\" content=\"https:\/\/www.consigel.com\/wp-content\/uploads\/2018\/01\/1742-thickbox_default-i-tant-Tinto.jpg\" \/>\n\t<meta property=\"og:image:width\" content=\"1200\" \/>\n\t<meta property=\"og:image:height\" content=\"1200\" \/>\n\t<meta property=\"og:image:type\" content=\"image\/jpeg\" \/>\n<meta name=\"twitter:card\" content=\"summary_large_image\" \/>\n<meta name=\"twitter:label1\" content=\"Temps estimat de lectura\" \/>\n\t<meta name=\"twitter:data1\" content=\"1 minut\" \/>\n<script type=\"application\/ld+json\" class=\"yoast-schema-graph\">{\"@context\":\"https:\/\/schema.org\",\"@graph\":[{\"@type\":\"WebPage\",\"@id\":\"https:\/\/www.consigel.com\/ca\/producte\/i-tant-negro\/\",\"url\":\"https:\/\/www.consigel.com\/ca\/producte\/i-tant-negro\/\",\"name\":\"i tant Tinto - Consigel\",\"isPartOf\":{\"@id\":\"https:\/\/www.consigel.com\/ca\/#website\"},\"primaryImageOfPage\":{\"@id\":\"https:\/\/www.consigel.com\/ca\/producte\/i-tant-negro\/#primaryimage\"},\"image\":{\"@id\":\"https:\/\/www.consigel.com\/ca\/producte\/i-tant-negro\/#primaryimage\"},\"thumbnailUrl\":\"https:\/\/www.consigel.com\/wp-content\/uploads\/2018\/01\/1742-thickbox_default-i-tant-Tinto.jpg\",\"datePublished\":\"2018-01-26T18:11:36+00:00\",\"dateModified\":\"2018-01-26T18:11:36+00:00\",\"breadcrumb\":{\"@id\":\"https:\/\/www.consigel.com\/ca\/producte\/i-tant-negro\/#breadcrumb\"},\"inLanguage\":\"ca\",\"potentialAction\":[{\"@type\":\"ReadAction\",\"target\":[\"https:\/\/www.consigel.com\/ca\/producte\/i-tant-negro\/\"]}]},{\"@type\":\"ImageObject\",\"inLanguage\":\"ca\",\"@id\":\"https:\/\/www.consigel.com\/ca\/producte\/i-tant-negro\/#primaryimage\",\"url\":\"https:\/\/www.consigel.com\/wp-content\/uploads\/2018\/01\/1742-thickbox_default-i-tant-Tinto.jpg\",\"contentUrl\":\"https:\/\/www.consigel.com\/wp-content\/uploads\/2018\/01\/1742-thickbox_default-i-tant-Tinto.jpg\",\"width\":1200,\"height\":1200,\"caption\":\"i tant Tinto\"},{\"@type\":\"BreadcrumbList\",\"@id\":\"https:\/\/www.consigel.com\/ca\/producte\/i-tant-negro\/#breadcrumb\",\"itemListElement\":[{\"@type\":\"ListItem\",\"position\":1,\"name\":\"Portada\",\"item\":\"https:\/\/www.consigel.com\/ca\/\"},{\"@type\":\"ListItem\",\"position\":2,\"name\":\"Shop\",\"item\":\"https:\/\/www.consigel.com\/ca\/shop\/\"},{\"@type\":\"ListItem\",\"position\":3,\"name\":\"i tant Tinto\"}]},{\"@type\":\"WebSite\",\"@id\":\"https:\/\/www.consigel.com\/ca\/#website\",\"url\":\"https:\/\/www.consigel.com\/ca\/\",\"name\":\"Consigel\",\"description\":\"\",\"potentialAction\":[{\"@type\":\"SearchAction\",\"target\":{\"@type\":\"EntryPoint\",\"urlTemplate\":\"https:\/\/www.consigel.com\/ca\/?s={search_term_string}\"},\"query-input\":\"required name=search_term_string\"}],\"inLanguage\":\"ca\"}]}<\/script>\n<!-- \/ Yoast SEO plugin. -->","yoast_head_json":{"title":"i tant Tinto - Consigel","robots":{"index":"index","follow":"follow","max-snippet":"max-snippet:-1","max-image-preview":"max-image-preview:large","max-video-preview":"max-video-preview:-1"},"canonical":"https:\/\/www.consigel.com\/ca\/producte\/i-tant-negro\/","og_locale":"ca_ES","og_type":"article","og_title":"i tant Tinto - Consigel","og_description":"Con este vino queremos mostrar el comportamiento de la Garnacha tinta en los terrenos arcillosos de la DOMontsant.\u00a0Los vi\u00f1edos de procedencia est\u00e1n situadas en la zona sur del Montsant, concretamente en El Masroig, lo que garantiza las horas de Sol necesarias para llegar a su correcta maduraci\u00f3n. COLOR: Presenta un color granate intenso y una [...]","og_url":"https:\/\/www.consigel.com\/ca\/producte\/i-tant-negro\/","og_site_name":"Consigel","og_image":[{"width":1200,"height":1200,"url":"https:\/\/www.consigel.com\/wp-content\/uploads\/2018\/01\/1742-thickbox_default-i-tant-Tinto.jpg","type":"image\/jpeg"}],"twitter_card":"summary_large_image","twitter_misc":{"Temps estimat de lectura":"1 minut"},"schema":{"@context":"https:\/\/schema.org","@graph":[{"@type":"WebPage","@id":"https:\/\/www.consigel.com\/ca\/producte\/i-tant-negro\/","url":"https:\/\/www.consigel.com\/ca\/producte\/i-tant-negro\/","name":"i tant Tinto - Consigel","isPartOf":{"@id":"https:\/\/www.consigel.com\/ca\/#website"},"primaryImageOfPage":{"@id":"https:\/\/www.consigel.com\/ca\/producte\/i-tant-negro\/#primaryimage"},"image":{"@id":"https:\/\/www.consigel.com\/ca\/producte\/i-tant-negro\/#primaryimage"},"thumbnailUrl":"https:\/\/www.consigel.com\/wp-content\/uploads\/2018\/01\/1742-thickbox_default-i-tant-Tinto.jpg","datePublished":"2018-01-26T18:11:36+00:00","dateModified":"2018-01-26T18:11:36+00:00","breadcrumb":{"@id":"https:\/\/www.consigel.com\/ca\/producte\/i-tant-negro\/#breadcrumb"},"inLanguage":"ca","potentialAction":[{"@type":"ReadAction","target":["https:\/\/www.consigel.com\/ca\/producte\/i-tant-negro\/"]}]},{"@type":"ImageObject","inLanguage":"ca","@id":"https:\/\/www.consigel.com\/ca\/producte\/i-tant-negro\/#primaryimage","url":"https:\/\/www.consigel.com\/wp-content\/uploads\/2018\/01\/1742-thickbox_default-i-tant-Tinto.jpg","contentUrl":"https:\/\/www.consigel.com\/wp-content\/uploads\/2018\/01\/1742-thickbox_default-i-tant-Tinto.jpg","width":1200,"height":1200,"caption":"i tant Tinto"},{"@type":"BreadcrumbList","@id":"https:\/\/www.consigel.com\/ca\/producte\/i-tant-negro\/#breadcrumb","itemListElement":[{"@type":"ListItem","position":1,"name":"Portada","item":"https:\/\/www.consigel.com\/ca\/"},{"@type":"ListItem","position":2,"name":"Shop","item":"https:\/\/www.consigel.com\/ca\/shop\/"},{"@type":"ListItem","position":3,"name":"i tant Tinto"}]},{"@type":"WebSite","@id":"https:\/\/www.consigel.com\/ca\/#website","url":"https:\/\/www.consigel.com\/ca\/","name":"Consigel","description":"","potentialAction":[{"@type":"SearchAction","target":{"@type":"EntryPoint","urlTemplate":"https:\/\/www.consigel.com\/ca\/?s={search_term_string}"},"query-input":"required name=search_term_string"}],"inLanguage":"ca"}]}},"_links":{"self":[{"href":"https:\/\/www.consigel.com\/ca\/wp-json\/wp\/v2\/product\/1439","targetHints":{"allow":["GET"]}}],"collection":[{"href":"https:\/\/www.consigel.com\/ca\/wp-json\/wp\/v2\/product"}],"about":[{"href":"https:\/\/www.consigel.com\/ca\/wp-json\/wp\/v2\/types\/product"}],"replies":[{"embeddable":true,"href":"https:\/\/www.consigel.com\/ca\/wp-json\/wp\/v2\/comments?post=1439"}],"wp:featuredmedia":[{"embeddable":true,"href":"https:\/\/www.consigel.com\/ca\/wp-json\/wp\/v2\/media\/1438"}],"wp:attachment":[{"href":"https:\/\/www.consigel.com\/ca\/wp-json\/wp\/v2\/media?parent=1439"}],"wp:term":[{"taxonomy":"product_cat","embeddable":true,"href":"https:\/\/www.consigel.com\/ca\/wp-json\/wp\/v2\/product_cat?post=1439"},{"taxonomy":"product_tag","embeddable":true,"href":"https:\/\/www.consigel.com\/ca\/wp-json\/wp\/v2\/product_tag?post=1439"}],"curies":[{"name":"wp","href":"https:\/\/api.w.org\/{rel}","templated":true}]}}

<table style="width: 540px;" border="0" cellspacing="0" cellpadding="0">
<colgroup>
<col width="540" /></colgroup>
<tbody>
<tr>
<td width="540" height="77"><span style="font-family: Arial; font-size: medium;">Con este vino queremos mostrar el comportamiento de la Garnacha tinta en los terrenos arcillosos de la DOMontsant. Los viñedos de procedencia están situadas en la zona sur del Montsant, concretamente en El Masroig, lo que garantiza las horas de Sol necesarias para llegar a su correcta maduración.</span></td>
</tr>
<tr>
<td width="540" height="58"><span style="font-family: Arial; font-size: medium;">COLOR: Presenta un color granate intenso y una capa de color media-alta, los tonos violáceos que complementan la capa de color nos dan una idea de su viveza y juventud.</span></td>
</tr>
<tr>
<td width="540" height="96"><span style="font-family: Arial; font-size: medium;">AROMA: Al principio encontramos una explosión aromática de frutas rojas, muy típicas de la garnacha. Esta fruta la encontramos acompañada de aromas balsámicos, dándole un carácter goloso, y para finalizar encontramos unos toques anisados que recuerdan el hinojo, una planta típica del sotobosque Mediterráneo.</span></td>
</tr>
<tr>
<td width="540" height="77"><span style="font-family: Arial; font-size: medium;">BOCA: La cata es muy descriptivo de la Garnacha tinta, afrutado, con predominio de fruta roja, con una entrada suave y limpia. Buena cremosidad que compensa los taninos Amoroso-los. Al final de la boca vuelve a reaparecer la estructura vinosa de la garnacha que le confiere equilibrio al conjunto del vino.</span></td>
</tr>
</tbody>
</table>

<p>Con este vino queremos mostrar el comportamiento de la Garnacha tinta en los terrenos arcillosos de la DOMontsant. Los viñedos de procedencia están situadas en la zona sur del Montsant, concretamente en El Masroig, lo que garantiza las horas de Sol necesarias para llegar a su correcta maduración. COLOR: Presenta un color granate intenso y una [&#8230;]

<!-- This site is optimized with the Yoast SEO plugin v23.3 - https://yoast.com/wordpress/plugins/seo/ -->
<title>i tant Tinto - Consigel</title>
<meta name="robots" content="index, follow, max-snippet:-1, max-image-preview:large, max-video-preview:-1" />
<link rel="canonical" href="https://www.consigel.com/ca/producte/i-tant-negro/" />
<meta property="og:locale" content="ca_ES" />
<meta property="og:type" content="article" />
<meta property="og:title" content="i tant Tinto - Consigel" />
<meta property="og:description" content="Con este vino queremos mostrar el comportamiento de la Garnacha tinta en los terrenos arcillosos de la DOMontsant. Los viñedos de procedencia están situadas en la zona sur del Montsant, concretamente en El Masroig, lo que garantiza las horas de Sol necesarias para llegar a su correcta maduración. COLOR: Presenta un color granate intenso y una [...]" />
<meta property="og:url" content="https://www.consigel.com/ca/producte/i-tant-negro/" />
<meta property="og:site_name" content="Consigel" />
<meta property="og:image" content="https://www.consigel.com/wp-content/uploads/2018/01/1742-thickbox_default-i-tant-Tinto.jpg" />
	<meta property="og:image:width" content="1200" />
	<meta property="og:image:height" content="1200" />
	<meta property="og:image:type" content="image/jpeg" />
<meta name="twitter:card" content="summary_large_image" />
<meta name="twitter:label1" content="Temps estimat de lectura" />
	<meta name="twitter:data1" content="1 minut" />
<script type="application/ld+json" class="yoast-schema-graph">{"@context":"https://schema.org","@graph":[{"@type":"WebPage","@id":"https://www.consigel.com/ca/producte/i-tant-negro/","url":"https://www.consigel.com/ca/producte/i-tant-negro/","name":"i tant Tinto - Consigel","isPartOf":{"@id":"https://www.consigel.com/ca/#website"},"primaryImageOfPage":{"@id":"https://www.consigel.com/ca/producte/i-tant-negro/#primaryimage"},"image":{"@id":"https://www.consigel.com/ca/producte/i-tant-negro/#primaryimage"},"thumbnailUrl":"https://www.consigel.com/wp-content/uploads/2018/01/1742-thickbox_default-i-tant-Tinto.jpg","datePublished":"2018-01-26T18:11:36+00:00","dateModified":"2018-01-26T18:11:36+00:00","breadcrumb":{"@id":"https://www.consigel.com/ca/producte/i-tant-negro/#breadcrumb"},"inLanguage":"ca","potentialAction":[{"@type":"ReadAction","target":["https://www.consigel.com/ca/producte/i-tant-negro/"]}]},{"@type":"ImageObject","inLanguage":"ca","@id":"https://www.consigel.com/ca/producte/i-tant-negro/#primaryimage","url":"https://www.consigel.com/wp-content/uploads/2018/01/1742-thickbox_default-i-tant-Tinto.jpg","contentUrl":"https://www.consigel.com/wp-content/uploads/2018/01/1742-thickbox_default-i-tant-Tinto.jpg","width":1200,"height":1200,"caption":"i tant Tinto"},{"@type":"BreadcrumbList","@id":"https://www.consigel.com/ca/producte/i-tant-negro/#breadcrumb","itemListElement":[{"@type":"ListItem","position":1,"name":"Portada","item":"https://www.consigel.com/ca/"},{"@type":"ListItem","position":2,"name":"Shop","item":"https://www.consigel.com/ca/shop/"},{"@type":"ListItem","position":3,"name":"i tant Tinto"}]},{"@type":"WebSite","@id":"https://www.consigel.com/ca/#website","url":"https://www.consigel.com/ca/","name":"Consigel","description":"","potentialAction":[{"@type":"SearchAction","target":{"@type":"EntryPoint","urlTemplate":"https://www.consigel.com/ca/?s={search_term_string}"},"query-input":"required name=search_term_string"}],"inLanguage":"ca"}]}</script>
<!-- / Yoast SEO plugin. -->

Con este vino queremos mostrar el comportamiento de la Garnacha tinta en los terrenos arcillosos de la DOMontsant. Los viñedos de procedencia están situadas en la zona sur del Montsant, concretamente en El Masroig, lo que garantiza las horas de Sol necesarias para llegar a su correcta maduración. COLOR: Presenta un color granate intenso y una [...]
