{"id":1429,"date":"2018-01-26T17:44:12","date_gmt":"2018-01-26T17:44:12","guid":{"rendered":"http:\/\/www.consigel.com\/product\/la-descarada\/"},"modified":"2018-01-26T17:44:12","modified_gmt":"2018-01-26T17:44:12","slug":"la-descarada","status":"publish","type":"product","link":"https:\/\/www.consigel.com\/ca\/producte\/la-descarada\/","title":{"rendered":"La Descarada"},"content":{"rendered":"<p style=\"margin: 0px 0px 10px; color: #919191; text-transform: none; line-height: 1.711; text-indent: 0px; letter-spacing: normal; font-family: Lato; font-size: 16px; font-style: normal; font-weight: 400; word-spacing: 0px; white-space: normal; box-sizing: border-box; orphans: 2; widows: 2; background-color: #ffffff; font-variant-ligatures: normal; font-variant-caps: normal; -webkit-text-stroke-width: 0px; text-decoration-style: initial; text-decoration-color: initial;\"><strong style=\"font-weight: bold; margin-bottom: 0px; box-sizing: border-box;\"><span style=\"margin-bottom: 0px; vertical-align: inherit; box-sizing: border-box;\"><span style=\"margin-bottom: 0px; vertical-align: inherit; box-sizing: border-box;\">VARIEDADES<\/span><\/span><\/strong><\/p>\n<p style=\"margin: 0px 0px 10px; color: #919191; text-transform: none; line-height: 1.711; text-indent: 0px; letter-spacing: normal; font-family: Lato; font-size: 16px; font-style: normal; font-weight: 400; word-spacing: 0px; white-space: normal; box-sizing: border-box; orphans: 2; widows: 2; background-color: #ffffff; font-variant-ligatures: normal; font-variant-caps: normal; -webkit-text-stroke-width: 0px; text-decoration-style: initial; text-decoration-color: initial;\"><span style=\"margin-bottom: 0px; vertical-align: inherit; box-sizing: border-box;\"><span style=\"margin-bottom: 0px; vertical-align: inherit; box-sizing: border-box;\">Gewurztraminer, Moscatel y Sauvignon Blanc.<\/span><\/span><\/p>\n<p style=\"margin: 0px 0px 10px; color: #919191; text-transform: none; line-height: 1.711; text-indent: 0px; letter-spacing: normal; font-family: Lato; font-size: 16px; font-style: normal; font-weight: 400; word-spacing: 0px; white-space: normal; box-sizing: border-box; orphans: 2; widows: 2; background-color: #ffffff; font-variant-ligatures: normal; font-variant-caps: normal; -webkit-text-stroke-width: 0px; text-decoration-style: initial; text-decoration-color: initial;\"><strong style=\"font-weight: bold; margin-bottom: 0px; box-sizing: border-box;\"><span style=\"margin-bottom: 0px; vertical-align: inherit; box-sizing: border-box;\"><span style=\"margin-bottom: 0px; vertical-align: inherit; box-sizing: border-box;\">NOTA DE CATA<\/span><\/span><\/strong><\/p>\n<p style=\"margin: 0px 0px 10px; color: #919191; text-transform: none; line-height: 1.711; text-indent: 0px; letter-spacing: normal; font-family: Lato; font-size: 16px; font-style: normal; font-weight: 400; word-spacing: 0px; white-space: normal; box-sizing: border-box; orphans: 2; widows: 2; background-color: #ffffff; font-variant-ligatures: normal; font-variant-caps: normal; -webkit-text-stroke-width: 0px; text-decoration-style: initial; text-decoration-color: initial;\"><span style=\"margin-bottom: 0px; vertical-align: inherit; box-sizing: border-box;\"><span style=\"vertical-align: inherit; box-sizing: border-box;\">De aspecto claro, con una intensidad media, de color lim\u00f3n, presencia de l\u00e1grimas.<span>\u00a0<\/span><\/span><span style=\"vertical-align: inherit; box-sizing: border-box;\">En nariz presenta una condici\u00f3n limpia, de intensidad alta y aroma a fruta verde del tipo manzana, ex\u00f3tica como el lichi y floral del estilo violeta \/ flor de cerezo con un toque final herb\u00e1ceo de lavanda.<span>\u00a0<\/span><\/span><span style=\"margin-bottom: 0px; vertical-align: inherit; box-sizing: border-box;\">En boca es seco, de acidez alta, cuerpo medio, con el alcohol bien integrado y una intensidad de sabor interviene donde destacan de nuevo la fruta verde y el estilo floral, aportando mucha frescura en cada sorbo.<\/span><\/span><\/p>\n<p style=\"margin: 0px 0px 10px; color: #919191; text-transform: none; line-height: 1.711; text-indent: 0px; letter-spacing: normal; font-family: Lato; font-size: 16px; font-style: normal; font-weight: 400; word-spacing: 0px; white-space: normal; box-sizing: border-box; orphans: 2; widows: 2; background-color: #ffffff; font-variant-ligatures: normal; font-variant-caps: normal; -webkit-text-stroke-width: 0px; text-decoration-style: initial; text-decoration-color: initial;\"><span style=\"margin-bottom: 0px; vertical-align: inherit; box-sizing: border-box;\"><span style=\"vertical-align: inherit; box-sizing: border-box;\">En definitiva, estamos ante un vino joven, toda una declaraci\u00f3n de intenciones, una apuesta por la frescura de las variedades participantes al estilo de nuestra tierra, el Mediterr\u00e1neo, que le imprime un car\u00e1cter \u00fanico dif\u00edcil de olvidar.<span>\u00a0<\/span><\/span><span style=\"margin-bottom: 0px; vertical-align: inherit; box-sizing: border-box;\">La descarada promete dar mucho que hablar con su inconfundible estilo, que pretende ser el hilo conductor de estas reuniones entre familias y amigos que forman parte de nuestro patrimonio cultural.<\/span><\/span><\/p>\n<p style=\"margin: 0px; color: #919191; text-transform: none; line-height: 1.711; text-indent: 0px; letter-spacing: normal; font-family: Lato; font-size: 16px; font-style: normal; font-weight: 400; word-spacing: 0px; white-space: normal; box-sizing: border-box; orphans: 2; widows: 2; background-color: #ffffff; font-variant-ligatures: normal; font-variant-caps: normal; -webkit-text-stroke-width: 0px; text-decoration-style: initial; text-decoration-color: initial;\"><span style=\"margin-bottom: 0px; vertical-align: inherit; box-sizing: border-box;\"><span style=\"margin-bottom: 0px; vertical-align: inherit; box-sizing: border-box;\">Es un vino desenfadado, atrevido y, como no &#8230; descarado!<\/span><\/span><\/p>\n","protected":false},"excerpt":{"rendered":"<p>VARIEDADES Gewurztraminer, Moscatel y Sauvignon Blanc. NOTA DE CATA De aspecto claro, con una intensidad media, de color lim\u00f3n, presencia de l\u00e1grimas.\u00a0En nariz presenta una condici\u00f3n limpia, de intensidad alta y aroma a fruta verde del tipo manzana, ex\u00f3tica como el lichi y floral del estilo violeta \/ flor de cerezo con un toque final [&#8230;]\n","protected":false},"featured_media":1428,"comment_status":"open","ping_status":"closed","template":"","meta":[],"product_cat":[96],"product_tag":[],"class_list":{"0":"post-1429","1":"product","2":"type-product","3":"status-publish","4":"has-post-thumbnail","6":"product_cat-witty-wines","8":"first","9":"outofstock","10":"shipping-taxable","11":"product-type-simple"},"yoast_head":"<!-- This site is optimized with the Yoast SEO plugin v23.3 - https:\/\/yoast.com\/wordpress\/plugins\/seo\/ -->\n<title>La Descarada - Consigel<\/title>\n<meta name=\"robots\" content=\"index, follow, max-snippet:-1, max-image-preview:large, max-video-preview:-1\" \/>\n<link rel=\"canonical\" href=\"https:\/\/www.consigel.com\/ca\/producte\/la-descarada\/\" \/>\n<meta property=\"og:locale\" content=\"ca_ES\" \/>\n<meta property=\"og:type\" content=\"article\" \/>\n<meta property=\"og:title\" content=\"La Descarada - Consigel\" \/>\n<meta property=\"og:description\" content=\"VARIEDADES Gewurztraminer, Moscatel y Sauvignon Blanc. NOTA DE CATA De aspecto claro, con una intensidad media, de color lim\u00f3n, presencia de l\u00e1grimas.\u00a0En nariz presenta una condici\u00f3n limpia, de intensidad alta y aroma a fruta verde del tipo manzana, ex\u00f3tica como el lichi y floral del estilo violeta \/ flor de cerezo con un toque final [...]\" \/>\n<meta property=\"og:url\" content=\"https:\/\/www.consigel.com\/ca\/producte\/la-descarada\/\" \/>\n<meta property=\"og:site_name\" content=\"Consigel\" \/>\n<meta property=\"og:image\" content=\"https:\/\/www.consigel.com\/wp-content\/uploads\/2018\/01\/1737-thickbox_default-La-Descarada.jpg\" \/>\n\t<meta property=\"og:image:width\" content=\"1200\" \/>\n\t<meta property=\"og:image:height\" content=\"1200\" \/>\n\t<meta property=\"og:image:type\" content=\"image\/jpeg\" \/>\n<meta name=\"twitter:card\" content=\"summary_large_image\" \/>\n<meta name=\"twitter:label1\" content=\"Temps estimat de lectura\" \/>\n\t<meta name=\"twitter:data1\" content=\"1 minut\" \/>\n<script type=\"application\/ld+json\" class=\"yoast-schema-graph\">{\"@context\":\"https:\/\/schema.org\",\"@graph\":[{\"@type\":\"WebPage\",\"@id\":\"https:\/\/www.consigel.com\/ca\/producte\/la-descarada\/\",\"url\":\"https:\/\/www.consigel.com\/ca\/producte\/la-descarada\/\",\"name\":\"La Descarada - Consigel\",\"isPartOf\":{\"@id\":\"https:\/\/www.consigel.com\/ca\/#website\"},\"primaryImageOfPage\":{\"@id\":\"https:\/\/www.consigel.com\/ca\/producte\/la-descarada\/#primaryimage\"},\"image\":{\"@id\":\"https:\/\/www.consigel.com\/ca\/producte\/la-descarada\/#primaryimage\"},\"thumbnailUrl\":\"https:\/\/www.consigel.com\/wp-content\/uploads\/2018\/01\/1737-thickbox_default-La-Descarada.jpg\",\"datePublished\":\"2018-01-26T17:44:12+00:00\",\"dateModified\":\"2018-01-26T17:44:12+00:00\",\"breadcrumb\":{\"@id\":\"https:\/\/www.consigel.com\/ca\/producte\/la-descarada\/#breadcrumb\"},\"inLanguage\":\"ca\",\"potentialAction\":[{\"@type\":\"ReadAction\",\"target\":[\"https:\/\/www.consigel.com\/ca\/producte\/la-descarada\/\"]}]},{\"@type\":\"ImageObject\",\"inLanguage\":\"ca\",\"@id\":\"https:\/\/www.consigel.com\/ca\/producte\/la-descarada\/#primaryimage\",\"url\":\"https:\/\/www.consigel.com\/wp-content\/uploads\/2018\/01\/1737-thickbox_default-La-Descarada.jpg\",\"contentUrl\":\"https:\/\/www.consigel.com\/wp-content\/uploads\/2018\/01\/1737-thickbox_default-La-Descarada.jpg\",\"width\":1200,\"height\":1200,\"caption\":\"La Descarada\"},{\"@type\":\"BreadcrumbList\",\"@id\":\"https:\/\/www.consigel.com\/ca\/producte\/la-descarada\/#breadcrumb\",\"itemListElement\":[{\"@type\":\"ListItem\",\"position\":1,\"name\":\"Portada\",\"item\":\"https:\/\/www.consigel.com\/ca\/\"},{\"@type\":\"ListItem\",\"position\":2,\"name\":\"Shop\",\"item\":\"https:\/\/www.consigel.com\/ca\/shop\/\"},{\"@type\":\"ListItem\",\"position\":3,\"name\":\"La Descarada\"}]},{\"@type\":\"WebSite\",\"@id\":\"https:\/\/www.consigel.com\/ca\/#website\",\"url\":\"https:\/\/www.consigel.com\/ca\/\",\"name\":\"Consigel\",\"description\":\"\",\"potentialAction\":[{\"@type\":\"SearchAction\",\"target\":{\"@type\":\"EntryPoint\",\"urlTemplate\":\"https:\/\/www.consigel.com\/ca\/?s={search_term_string}\"},\"query-input\":\"required name=search_term_string\"}],\"inLanguage\":\"ca\"}]}<\/script>\n<!-- \/ Yoast SEO plugin. -->","yoast_head_json":{"title":"La Descarada - Consigel","robots":{"index":"index","follow":"follow","max-snippet":"max-snippet:-1","max-image-preview":"max-image-preview:large","max-video-preview":"max-video-preview:-1"},"canonical":"https:\/\/www.consigel.com\/ca\/producte\/la-descarada\/","og_locale":"ca_ES","og_type":"article","og_title":"La Descarada - Consigel","og_description":"VARIEDADES Gewurztraminer, Moscatel y Sauvignon Blanc. NOTA DE CATA De aspecto claro, con una intensidad media, de color lim\u00f3n, presencia de l\u00e1grimas.\u00a0En nariz presenta una condici\u00f3n limpia, de intensidad alta y aroma a fruta verde del tipo manzana, ex\u00f3tica como el lichi y floral del estilo violeta \/ flor de cerezo con un toque final [...]","og_url":"https:\/\/www.consigel.com\/ca\/producte\/la-descarada\/","og_site_name":"Consigel","og_image":[{"width":1200,"height":1200,"url":"https:\/\/www.consigel.com\/wp-content\/uploads\/2018\/01\/1737-thickbox_default-La-Descarada.jpg","type":"image\/jpeg"}],"twitter_card":"summary_large_image","twitter_misc":{"Temps estimat de lectura":"1 minut"},"schema":{"@context":"https:\/\/schema.org","@graph":[{"@type":"WebPage","@id":"https:\/\/www.consigel.com\/ca\/producte\/la-descarada\/","url":"https:\/\/www.consigel.com\/ca\/producte\/la-descarada\/","name":"La Descarada - Consigel","isPartOf":{"@id":"https:\/\/www.consigel.com\/ca\/#website"},"primaryImageOfPage":{"@id":"https:\/\/www.consigel.com\/ca\/producte\/la-descarada\/#primaryimage"},"image":{"@id":"https:\/\/www.consigel.com\/ca\/producte\/la-descarada\/#primaryimage"},"thumbnailUrl":"https:\/\/www.consigel.com\/wp-content\/uploads\/2018\/01\/1737-thickbox_default-La-Descarada.jpg","datePublished":"2018-01-26T17:44:12+00:00","dateModified":"2018-01-26T17:44:12+00:00","breadcrumb":{"@id":"https:\/\/www.consigel.com\/ca\/producte\/la-descarada\/#breadcrumb"},"inLanguage":"ca","potentialAction":[{"@type":"ReadAction","target":["https:\/\/www.consigel.com\/ca\/producte\/la-descarada\/"]}]},{"@type":"ImageObject","inLanguage":"ca","@id":"https:\/\/www.consigel.com\/ca\/producte\/la-descarada\/#primaryimage","url":"https:\/\/www.consigel.com\/wp-content\/uploads\/2018\/01\/1737-thickbox_default-La-Descarada.jpg","contentUrl":"https:\/\/www.consigel.com\/wp-content\/uploads\/2018\/01\/1737-thickbox_default-La-Descarada.jpg","width":1200,"height":1200,"caption":"La Descarada"},{"@type":"BreadcrumbList","@id":"https:\/\/www.consigel.com\/ca\/producte\/la-descarada\/#breadcrumb","itemListElement":[{"@type":"ListItem","position":1,"name":"Portada","item":"https:\/\/www.consigel.com\/ca\/"},{"@type":"ListItem","position":2,"name":"Shop","item":"https:\/\/www.consigel.com\/ca\/shop\/"},{"@type":"ListItem","position":3,"name":"La Descarada"}]},{"@type":"WebSite","@id":"https:\/\/www.consigel.com\/ca\/#website","url":"https:\/\/www.consigel.com\/ca\/","name":"Consigel","description":"","potentialAction":[{"@type":"SearchAction","target":{"@type":"EntryPoint","urlTemplate":"https:\/\/www.consigel.com\/ca\/?s={search_term_string}"},"query-input":"required name=search_term_string"}],"inLanguage":"ca"}]}},"_links":{"self":[{"href":"https:\/\/www.consigel.com\/ca\/wp-json\/wp\/v2\/product\/1429","targetHints":{"allow":["GET"]}}],"collection":[{"href":"https:\/\/www.consigel.com\/ca\/wp-json\/wp\/v2\/product"}],"about":[{"href":"https:\/\/www.consigel.com\/ca\/wp-json\/wp\/v2\/types\/product"}],"replies":[{"embeddable":true,"href":"https:\/\/www.consigel.com\/ca\/wp-json\/wp\/v2\/comments?post=1429"}],"wp:featuredmedia":[{"embeddable":true,"href":"https:\/\/www.consigel.com\/ca\/wp-json\/wp\/v2\/media\/1428"}],"wp:attachment":[{"href":"https:\/\/www.consigel.com\/ca\/wp-json\/wp\/v2\/media?parent=1429"}],"wp:term":[{"taxonomy":"product_cat","embeddable":true,"href":"https:\/\/www.consigel.com\/ca\/wp-json\/wp\/v2\/product_cat?post=1429"},{"taxonomy":"product_tag","embeddable":true,"href":"https:\/\/www.consigel.com\/ca\/wp-json\/wp\/v2\/product_tag?post=1429"}],"curies":[{"name":"wp","href":"https:\/\/api.w.org\/{rel}","templated":true}]}}

<p style="margin: 0px 0px 10px; color: #919191; text-transform: none; line-height: 1.711; text-indent: 0px; letter-spacing: normal; font-family: Lato; font-size: 16px; font-style: normal; font-weight: 400; word-spacing: 0px; white-space: normal; box-sizing: border-box; orphans: 2; widows: 2; background-color: #ffffff; font-variant-ligatures: normal; font-variant-caps: normal; -webkit-text-stroke-width: 0px; text-decoration-style: initial; text-decoration-color: initial;"><strong style="font-weight: bold; margin-bottom: 0px; box-sizing: border-box;"><span style="margin-bottom: 0px; vertical-align: inherit; box-sizing: border-box;"><span style="margin-bottom: 0px; vertical-align: inherit; box-sizing: border-box;">VARIEDADES</span></span></strong></p>
<p style="margin: 0px 0px 10px; color: #919191; text-transform: none; line-height: 1.711; text-indent: 0px; letter-spacing: normal; font-family: Lato; font-size: 16px; font-style: normal; font-weight: 400; word-spacing: 0px; white-space: normal; box-sizing: border-box; orphans: 2; widows: 2; background-color: #ffffff; font-variant-ligatures: normal; font-variant-caps: normal; -webkit-text-stroke-width: 0px; text-decoration-style: initial; text-decoration-color: initial;"><span style="margin-bottom: 0px; vertical-align: inherit; box-sizing: border-box;"><span style="margin-bottom: 0px; vertical-align: inherit; box-sizing: border-box;">Gewurztraminer, Moscatel y Sauvignon Blanc.</span></span></p>
<p style="margin: 0px 0px 10px; color: #919191; text-transform: none; line-height: 1.711; text-indent: 0px; letter-spacing: normal; font-family: Lato; font-size: 16px; font-style: normal; font-weight: 400; word-spacing: 0px; white-space: normal; box-sizing: border-box; orphans: 2; widows: 2; background-color: #ffffff; font-variant-ligatures: normal; font-variant-caps: normal; -webkit-text-stroke-width: 0px; text-decoration-style: initial; text-decoration-color: initial;"><strong style="font-weight: bold; margin-bottom: 0px; box-sizing: border-box;"><span style="margin-bottom: 0px; vertical-align: inherit; box-sizing: border-box;"><span style="margin-bottom: 0px; vertical-align: inherit; box-sizing: border-box;">NOTA DE CATA</span></span></strong></p>
<p style="margin: 0px 0px 10px; color: #919191; text-transform: none; line-height: 1.711; text-indent: 0px; letter-spacing: normal; font-family: Lato; font-size: 16px; font-style: normal; font-weight: 400; word-spacing: 0px; white-space: normal; box-sizing: border-box; orphans: 2; widows: 2; background-color: #ffffff; font-variant-ligatures: normal; font-variant-caps: normal; -webkit-text-stroke-width: 0px; text-decoration-style: initial; text-decoration-color: initial;"><span style="margin-bottom: 0px; vertical-align: inherit; box-sizing: border-box;"><span style="vertical-align: inherit; box-sizing: border-box;">De aspecto claro, con una intensidad media, de color limón, presencia de lágrimas.<span> </span></span><span style="vertical-align: inherit; box-sizing: border-box;">En nariz presenta una condición limpia, de intensidad alta y aroma a fruta verde del tipo manzana, exótica como el lichi y floral del estilo violeta / flor de cerezo con un toque final herbáceo de lavanda.<span> </span></span><span style="margin-bottom: 0px; vertical-align: inherit; box-sizing: border-box;">En boca es seco, de acidez alta, cuerpo medio, con el alcohol bien integrado y una intensidad de sabor interviene donde destacan de nuevo la fruta verde y el estilo floral, aportando mucha frescura en cada sorbo.</span></span></p>
<p style="margin: 0px 0px 10px; color: #919191; text-transform: none; line-height: 1.711; text-indent: 0px; letter-spacing: normal; font-family: Lato; font-size: 16px; font-style: normal; font-weight: 400; word-spacing: 0px; white-space: normal; box-sizing: border-box; orphans: 2; widows: 2; background-color: #ffffff; font-variant-ligatures: normal; font-variant-caps: normal; -webkit-text-stroke-width: 0px; text-decoration-style: initial; text-decoration-color: initial;"><span style="margin-bottom: 0px; vertical-align: inherit; box-sizing: border-box;"><span style="vertical-align: inherit; box-sizing: border-box;">En definitiva, estamos ante un vino joven, toda una declaración de intenciones, una apuesta por la frescura de las variedades participantes al estilo de nuestra tierra, el Mediterráneo, que le imprime un carácter único difícil de olvidar.<span> </span></span><span style="margin-bottom: 0px; vertical-align: inherit; box-sizing: border-box;">La descarada promete dar mucho que hablar con su inconfundible estilo, que pretende ser el hilo conductor de estas reuniones entre familias y amigos que forman parte de nuestro patrimonio cultural.</span></span></p>
<p style="margin: 0px; color: #919191; text-transform: none; line-height: 1.711; text-indent: 0px; letter-spacing: normal; font-family: Lato; font-size: 16px; font-style: normal; font-weight: 400; word-spacing: 0px; white-space: normal; box-sizing: border-box; orphans: 2; widows: 2; background-color: #ffffff; font-variant-ligatures: normal; font-variant-caps: normal; -webkit-text-stroke-width: 0px; text-decoration-style: initial; text-decoration-color: initial;"><span style="margin-bottom: 0px; vertical-align: inherit; box-sizing: border-box;"><span style="margin-bottom: 0px; vertical-align: inherit; box-sizing: border-box;">Es un vino desenfadado, atrevido y, como no &#8230; descarado!</span></span></p>

<p>VARIEDADES Gewurztraminer, Moscatel y Sauvignon Blanc. NOTA DE CATA De aspecto claro, con una intensidad media, de color limón, presencia de lágrimas. En nariz presenta una condición limpia, de intensidad alta y aroma a fruta verde del tipo manzana, exótica como el lichi y floral del estilo violeta / flor de cerezo con un toque final [&#8230;]

<!-- This site is optimized with the Yoast SEO plugin v23.3 - https://yoast.com/wordpress/plugins/seo/ -->
<title>La Descarada - Consigel</title>
<meta name="robots" content="index, follow, max-snippet:-1, max-image-preview:large, max-video-preview:-1" />
<link rel="canonical" href="https://www.consigel.com/ca/producte/la-descarada/" />
<meta property="og:locale" content="ca_ES" />
<meta property="og:type" content="article" />
<meta property="og:title" content="La Descarada - Consigel" />
<meta property="og:description" content="VARIEDADES Gewurztraminer, Moscatel y Sauvignon Blanc. NOTA DE CATA De aspecto claro, con una intensidad media, de color limón, presencia de lágrimas. En nariz presenta una condición limpia, de intensidad alta y aroma a fruta verde del tipo manzana, exótica como el lichi y floral del estilo violeta / flor de cerezo con un toque final [...]" />
<meta property="og:url" content="https://www.consigel.com/ca/producte/la-descarada/" />
<meta property="og:site_name" content="Consigel" />
<meta property="og:image" content="https://www.consigel.com/wp-content/uploads/2018/01/1737-thickbox_default-La-Descarada.jpg" />
	<meta property="og:image:width" content="1200" />
	<meta property="og:image:height" content="1200" />
	<meta property="og:image:type" content="image/jpeg" />
<meta name="twitter:card" content="summary_large_image" />
<meta name="twitter:label1" content="Temps estimat de lectura" />
	<meta name="twitter:data1" content="1 minut" />
<script type="application/ld+json" class="yoast-schema-graph">{"@context":"https://schema.org","@graph":[{"@type":"WebPage","@id":"https://www.consigel.com/ca/producte/la-descarada/","url":"https://www.consigel.com/ca/producte/la-descarada/","name":"La Descarada - Consigel","isPartOf":{"@id":"https://www.consigel.com/ca/#website"},"primaryImageOfPage":{"@id":"https://www.consigel.com/ca/producte/la-descarada/#primaryimage"},"image":{"@id":"https://www.consigel.com/ca/producte/la-descarada/#primaryimage"},"thumbnailUrl":"https://www.consigel.com/wp-content/uploads/2018/01/1737-thickbox_default-La-Descarada.jpg","datePublished":"2018-01-26T17:44:12+00:00","dateModified":"2018-01-26T17:44:12+00:00","breadcrumb":{"@id":"https://www.consigel.com/ca/producte/la-descarada/#breadcrumb"},"inLanguage":"ca","potentialAction":[{"@type":"ReadAction","target":["https://www.consigel.com/ca/producte/la-descarada/"]}]},{"@type":"ImageObject","inLanguage":"ca","@id":"https://www.consigel.com/ca/producte/la-descarada/#primaryimage","url":"https://www.consigel.com/wp-content/uploads/2018/01/1737-thickbox_default-La-Descarada.jpg","contentUrl":"https://www.consigel.com/wp-content/uploads/2018/01/1737-thickbox_default-La-Descarada.jpg","width":1200,"height":1200,"caption":"La Descarada"},{"@type":"BreadcrumbList","@id":"https://www.consigel.com/ca/producte/la-descarada/#breadcrumb","itemListElement":[{"@type":"ListItem","position":1,"name":"Portada","item":"https://www.consigel.com/ca/"},{"@type":"ListItem","position":2,"name":"Shop","item":"https://www.consigel.com/ca/shop/"},{"@type":"ListItem","position":3,"name":"La Descarada"}]},{"@type":"WebSite","@id":"https://www.consigel.com/ca/#website","url":"https://www.consigel.com/ca/","name":"Consigel","description":"","potentialAction":[{"@type":"SearchAction","target":{"@type":"EntryPoint","urlTemplate":"https://www.consigel.com/ca/?s={search_term_string}"},"query-input":"required name=search_term_string"}],"inLanguage":"ca"}]}</script>
<!-- / Yoast SEO plugin. -->

VARIEDADES Gewurztraminer, Moscatel y Sauvignon Blanc. NOTA DE CATA De aspecto claro, con una intensidad media, de color limón, presencia de lágrimas. En nariz presenta una condición limpia, de intensidad alta y aroma a fruta verde del tipo manzana, exótica como el lichi y floral del estilo violeta / flor de cerezo con un toque final [...]
